{"id":132,"date":"2016-04-24T07:55:23","date_gmt":"2016-04-24T11:55:23","guid":{"rendered":"https:\/\/site.csdessommets.qc.ca\/aide\/problemes\/"},"modified":"2019-01-31T09:40:04","modified_gmt":"2019-01-31T14:40:04","slug":"problemes","status":"publish","type":"page","link":"https:\/\/site.csdessommets.qc.ca\/aide\/problemes\/","title":{"rendered":"Bogues"},"content":{"rendered":"<h3>\n\t\tBogues courants<br \/>\n\t<\/h3>\n<p>Cette section pr\u00e9sente les probl\u00e8mes affectant pr\u00e9sentement SITE. \u00a0Ces probl\u00e8mes sont en cours de r\u00e9solutions.<\/p>\n","protected":false},"excerpt":{"rendered":"<p>Bogues courants Cette section pr\u00e9sente les probl\u00e8mes affectant pr\u00e9sentement SITE. \u00a0Ces probl\u00e8mes sont en cours de r\u00e9solutions.<\/p>\n","protected":false},"author":2,"featured_media":0,"parent":0,"menu_order":0,"comment_status":"closed","ping_status":"closed","template":"","meta":{"footnotes":""},"class_list":["post-132","page","type-page","status-publish","hentry"],"_links":{"self":[{"href":"https:\/\/site.csdessommets.qc.ca\/aide\/wp-json\/wp\/v2\/pages\/132","targetHints":{"allow":["GET"]}}],"collection":[{"href":"https:\/\/site.csdessommets.qc.ca\/aide\/wp-json\/wp\/v2\/pages"}],"about":[{"href":"https:\/\/site.csdessommets.qc.ca\/aide\/wp-json\/wp\/v2\/types\/page"}],"author":[{"embeddable":true,"href":"https:\/\/site.csdessommets.qc.ca\/aide\/wp-json\/wp\/v2\/users\/2"}],"replies":[{"embeddable":true,"href":"https:\/\/site.csdessommets.qc.ca\/aide\/wp-json\/wp\/v2\/comments?post=132"}],"version-history":[{"count":3,"href":"https:\/\/site.csdessommets.qc.ca\/aide\/wp-json\/wp\/v2\/pages\/132\/revisions"}],"predecessor-version":[{"id":142,"href":"https:\/\/site.csdessommets.qc.ca\/aide\/wp-json\/wp\/v2\/pages\/132\/revisions\/142"}],"wp:attachment":[{"href":"https:\/\/site.csdessommets.qc.ca\/aide\/wp-json\/wp\/v2\/media?parent=132"}],"curies":[{"name":"wp","href":"https:\/\/api.w.org\/{rel}","templated":true}]}}