{"id":87,"date":"2016-04-14T20:28:56","date_gmt":"2016-04-14T19:28:56","guid":{"rendered":"https:\/\/site.csdessommets.qc.ca\/aide\/modules-avances\/"},"modified":"2016-07-04T13:22:42","modified_gmt":"2016-07-04T17:22:42","slug":"modules-avances","status":"publish","type":"page","link":"https:\/\/site.csdessommets.qc.ca\/aide\/modules-avances\/","title":{"rendered":"Modules avanc\u00e9s"},"content":{"rendered":"<h3>\n\t\tModules avanc\u00e9s<br \/>\n\t<\/h3>\n<p>Les modules avanc\u00e9s permettent d&rsquo;aller plus loin. \u00a0Ce sont des modules offrant des particularit\u00e9s plus pouss\u00e9s, comme l&rsquo;int\u00e9gration d&rsquo;une carte Google\u00a9 Map , ou encore des modules qui regroupent des modules de base en permettant l&rsquo;insertion de photos et de textes simultan\u00e9ment.<\/p>\n","protected":false},"excerpt":{"rendered":"<p>Modules avanc\u00e9s Les modules avanc\u00e9s permettent d&rsquo;aller plus loin. \u00a0Ce sont des modules offrant des particularit\u00e9s plus pouss\u00e9s, comme l&rsquo;int\u00e9gration d&rsquo;une carte Google\u00a9 Map , ou encore des modules qui regroupent des modules de base en permettant l&rsquo;insertion de photos et de textes simultan\u00e9ment.<\/p>\n","protected":false},"author":2,"featured_media":0,"parent":0,"menu_order":0,"comment_status":"closed","ping_status":"closed","template":"","meta":{"footnotes":""},"class_list":["post-87","page","type-page","status-publish","hentry"],"_links":{"self":[{"href":"https:\/\/site.csdessommets.qc.ca\/aide\/wp-json\/wp\/v2\/pages\/87","targetHints":{"allow":["GET"]}}],"collection":[{"href":"https:\/\/site.csdessommets.qc.ca\/aide\/wp-json\/wp\/v2\/pages"}],"about":[{"href":"https:\/\/site.csdessommets.qc.ca\/aide\/wp-json\/wp\/v2\/types\/page"}],"author":[{"embeddable":true,"href":"https:\/\/site.csdessommets.qc.ca\/aide\/wp-json\/wp\/v2\/users\/2"}],"replies":[{"embeddable":true,"href":"https:\/\/site.csdessommets.qc.ca\/aide\/wp-json\/wp\/v2\/comments?post=87"}],"version-history":[{"count":1,"href":"https:\/\/site.csdessommets.qc.ca\/aide\/wp-json\/wp\/v2\/pages\/87\/revisions"}],"predecessor-version":[{"id":90,"href":"https:\/\/site.csdessommets.qc.ca\/aide\/wp-json\/wp\/v2\/pages\/87\/revisions\/90"}],"wp:attachment":[{"href":"https:\/\/site.csdessommets.qc.ca\/aide\/wp-json\/wp\/v2\/media?parent=87"}],"curies":[{"name":"wp","href":"https:\/\/api.w.org\/{rel}","templated":true}]}}