{"id":244,"date":"2016-08-23T09:18:11","date_gmt":"2016-08-23T13:18:11","guid":{"rendered":"https:\/\/site.csdessommets.qc.ca\/biblio_prim\/le-coin-lecture-de-classe\/"},"modified":"2023-08-13T10:56:33","modified_gmt":"2023-08-13T14:56:33","slug":"le-coin-lecture-de-classe","status":"publish","type":"page","link":"https:\/\/site.csdessommets.qc.ca\/biblio_prim\/le-coin-lecture-de-classe\/","title":{"rendered":"Le coin lecture de classe"},"content":{"rendered":"\n\n\t\n\t<p>&nbsp;<\/p>\n<p>Demandez \u00e0 votre biblioth\u00e9caire des conseils pour am\u00e9nager l&rsquo;espace et la collection de fa\u00e7on\u00a0pratique!<\/p>\n<p>&nbsp;<\/p>\n<p>Comment utiliser la biblioth\u00e8que scolaire en impliquant les \u00e9l\u00e8ves afin de\u00a0bonifier le coin lecture de classe?<\/p>\n<p><a href=\"https:\/\/site.csdessommets.qc.ca\/biblio_prim\/wp-content\/uploads\/sites\/15\/2016\/08\/Comple\u0301mentarite\u0301Bibliothe\u0300queScolaire-Bibliothe\u0300queClasse_CSS.pdf\" target=\"_blank\" rel=\"noopener\">Comple\u0301mentarite\u0301 bibliothe\u0300que scolaire et bibliothe\u0300que de classe &#8211; Principes et conseils<\/a><\/p>\n<p><a href=\"https:\/\/site.csdessommets.qc.ca\/biblio_prim\/wp-content\/uploads\/sites\/15\/2023\/08\/Schema-resume.docx\" target=\"_blank\" rel=\"noopener\">Sch\u00e9ma r\u00e9sum\u00e9<\/a><\/p>\n<p>&nbsp;<\/p>\n\t<p><a href=\"https:\/\/site.csdessommets.qc.ca\/biblio_prim\/wp-content\/uploads\/sites\/15\/2016\/08\/Affiches-raconte-informe.docx\" target=\"_blank\" rel=\"noopener\">Affiches \/ Livres qui racontent \/ Livres qui informent<\/a><\/p>\n<p><a href=\"https:\/\/site.csdessommets.qc.ca\/biblio_prim\/wp-content\/uploads\/sites\/15\/2016\/08\/L\u00e9gende_Coin-lecture.docx\">L\u00e9gende niveaux de difficult\u00e9 &#8211; 1\u00e8re ann\u00e9e<\/a><\/p>\n<p><a href=\"https:\/\/site.csdessommets.qc.ca\/biblio_prim\/wp-content\/uploads\/sites\/15\/2016\/08\/L\u00e9gende_Coin-lecture_2e-ann\u00e9e.docx\" target=\"_blank\" rel=\"noopener\">L\u00e9gende niveaux de difficult\u00e9 &#8211; 2e ann\u00e9e<\/a><\/p>\n<p><a href=\"https:\/\/site.csdessommets.qc.ca\/biblio_prim\/wp-content\/uploads\/sites\/15\/2016\/08\/\u00e9tiquettes-moyens-de-transport.doc\" target=\"_blank\" rel=\"noopener\">Exemple \u00e9tiquettes sujets: moyens de transport<\/a><\/p>\n\n","protected":false},"excerpt":{"rendered":"<p>&nbsp; Demandez \u00e0 votre biblioth\u00e9caire des conseils pour am\u00e9nager l&rsquo;espace et la collection de fa\u00e7on\u00a0pratique! &nbsp; Comment utiliser la biblioth\u00e8que scolaire en impliquant les \u00e9l\u00e8ves afin de\u00a0bonifier le coin lecture de classe? Comple\u0301mentarite\u0301 bibliothe\u0300que scolaire et bibliothe\u0300que de classe &#8211; Principes et conseils Sch\u00e9ma r\u00e9sum\u00e9 &nbsp; Affiches \/ Livres qui racontent \/ Livres qui informent&hellip;<\/p>\n","protected":false},"author":122,"featured_media":0,"parent":0,"menu_order":0,"comment_status":"closed","ping_status":"closed","template":"","meta":{"footnotes":""},"class_list":["post-244","page","type-page","status-publish","hentry"],"_links":{"self":[{"href":"https:\/\/site.csdessommets.qc.ca\/biblio_prim\/wp-json\/wp\/v2\/pages\/244","targetHints":{"allow":["GET"]}}],"collection":[{"href":"https:\/\/site.csdessommets.qc.ca\/biblio_prim\/wp-json\/wp\/v2\/pages"}],"about":[{"href":"https:\/\/site.csdessommets.qc.ca\/biblio_prim\/wp-json\/wp\/v2\/types\/page"}],"author":[{"embeddable":true,"href":"https:\/\/site.csdessommets.qc.ca\/biblio_prim\/wp-json\/wp\/v2\/users\/122"}],"replies":[{"embeddable":true,"href":"https:\/\/site.csdessommets.qc.ca\/biblio_prim\/wp-json\/wp\/v2\/comments?post=244"}],"version-history":[{"count":7,"href":"https:\/\/site.csdessommets.qc.ca\/biblio_prim\/wp-json\/wp\/v2\/pages\/244\/revisions"}],"predecessor-version":[{"id":902,"href":"https:\/\/site.csdessommets.qc.ca\/biblio_prim\/wp-json\/wp\/v2\/pages\/244\/revisions\/902"}],"wp:attachment":[{"href":"https:\/\/site.csdessommets.qc.ca\/biblio_prim\/wp-json\/wp\/v2\/media?parent=244"}],"curies":[{"name":"wp","href":"https:\/\/api.w.org\/{rel}","templated":true}]}}