{"id":47,"date":"2016-06-14T10:52:24","date_gmt":"2016-06-14T14:52:24","guid":{"rendered":"https:\/\/site.csdessommets.qc.ca\/biblio_prim\/trousses-de-livres\/"},"modified":"2017-08-23T13:36:36","modified_gmt":"2017-08-23T17:36:36","slug":"trousses-de-livres","status":"publish","type":"page","link":"https:\/\/site.csdessommets.qc.ca\/biblio_prim\/trousses-de-livres\/","title":{"rendered":"Trousses de livres"},"content":{"rendered":"<table style=\"height: 125px\" width=\"474\">\n<tbody>\n<tr>\n<td>\n<h3>Comment\u00a0avoir acc\u00e8s aux trousses?<\/h3>\n<p>Pour pouvoir utiliser une trousse de livres, vous devez la r\u00e9server \u00e0 l&rsquo;aide de la proc\u00e9dure ci-contre.<\/td>\n<\/tr>\n<\/tbody>\n<\/table>\n<table style=\"height: 78px\" width=\"326\">\n<tbody>\n<tr>\n<td>\n<h4><a href=\"http:\/\/regard.csdessommets.qc.ca\/sommets\" target=\"_blank\" rel=\"noopener noreferrer\">Acc\u00e8s au catalogue Regard<\/a><\/h4>\n<\/td>\n<\/tr>\n<\/tbody>\n<\/table>\n<h4><a href=\"https:\/\/site.csdessommets.qc.ca\/biblio_prim\/wp-content\/uploads\/sites\/15\/2016\/06\/Proc\u00e9durier_R\u00e9servation-des-trousses-2.pdf\" target=\"_blank\" rel=\"noopener\">Proc\u00e9durier de r\u00e9servation des trousses<\/a><\/h4>\n<table style=\"height: 74px\" width=\"354\">\n<tbody>\n<tr>\n<td>\n<h4><a href=\"https:\/\/site.csdessommets.qc.ca\/biblio_prim\/wp-content\/uploads\/sites\/15\/2016\/06\/D\u00e9pliant_liste-des-trousses_final_avec-ajouts.pdf\" target=\"_blank\" rel=\"noopener noreferrer\">Liste de toutes les trousses disponibles<\/a><\/h4>\n<\/td>\n<\/tr>\n<\/tbody>\n<\/table>\n<p>&nbsp;<\/p>\n","protected":false},"excerpt":{"rendered":"<p>Comment\u00a0avoir acc\u00e8s aux trousses? Pour pouvoir utiliser une trousse de livres, vous devez la r\u00e9server \u00e0 l&rsquo;aide de la proc\u00e9dure ci-contre. Acc\u00e8s au catalogue Regard Proc\u00e9durier de r\u00e9servation des trousses Liste de toutes les trousses disponibles &nbsp;<\/p>\n","protected":false},"author":122,"featured_media":0,"parent":0,"menu_order":0,"comment_status":"closed","ping_status":"closed","template":"","meta":{"footnotes":""},"class_list":["post-47","page","type-page","status-publish","hentry"],"_links":{"self":[{"href":"https:\/\/site.csdessommets.qc.ca\/biblio_prim\/wp-json\/wp\/v2\/pages\/47","targetHints":{"allow":["GET"]}}],"collection":[{"href":"https:\/\/site.csdessommets.qc.ca\/biblio_prim\/wp-json\/wp\/v2\/pages"}],"about":[{"href":"https:\/\/site.csdessommets.qc.ca\/biblio_prim\/wp-json\/wp\/v2\/types\/page"}],"author":[{"embeddable":true,"href":"https:\/\/site.csdessommets.qc.ca\/biblio_prim\/wp-json\/wp\/v2\/users\/122"}],"replies":[{"embeddable":true,"href":"https:\/\/site.csdessommets.qc.ca\/biblio_prim\/wp-json\/wp\/v2\/comments?post=47"}],"version-history":[{"count":9,"href":"https:\/\/site.csdessommets.qc.ca\/biblio_prim\/wp-json\/wp\/v2\/pages\/47\/revisions"}],"predecessor-version":[{"id":600,"href":"https:\/\/site.csdessommets.qc.ca\/biblio_prim\/wp-json\/wp\/v2\/pages\/47\/revisions\/600"}],"wp:attachment":[{"href":"https:\/\/site.csdessommets.qc.ca\/biblio_prim\/wp-json\/wp\/v2\/media?parent=47"}],"curies":[{"name":"wp","href":"https:\/\/api.w.org\/{rel}","templated":true}]}}