{"id":57,"date":"2016-06-29T10:16:01","date_gmt":"2016-06-29T14:16:01","guid":{"rendered":"https:\/\/site.csdessommets.qc.ca\/biblio_prim\/reparation-de-livres\/"},"modified":"2017-02-16T11:18:17","modified_gmt":"2017-02-16T16:18:17","slug":"reparation-de-livres","status":"publish","type":"page","link":"https:\/\/site.csdessommets.qc.ca\/biblio_prim\/reparation-de-livres\/","title":{"rendered":"R\u00e9paration de livres"},"content":{"rendered":"<p style=\"text-align: justify\">Une formation sur la r\u00e9paration de livres est offerte \u00e0 tous les enseignants et les b\u00e9n\u00e9voles qui souhaitent \u00eatre autonomes et s&rsquo;assurer d&rsquo;utiliser le mat\u00e9riel ad\u00e9quat.<\/p>\n<p style=\"text-align: justify\">La formation, d&rsquo;une dur\u00e9e approximative de 2 heures, peut \u00eatre donn\u00e9e \u00e0 tout moment sur rendez-vous, avec un maximum de 4 personnes \u00e0 la fois.<\/p>\n<p>&nbsp;<\/p>\n<p><a href=\"https:\/\/site.csdessommets.qc.ca\/biblio_prim\/wp-content\/uploads\/sites\/15\/2016\/06\/Formation-r\u00e9paration-de-livres.pdf\" target=\"_blank\">Formation sur la r\u00e9paration de livres<\/a><\/p>\n<p><a href=\"https:\/\/site.csdessommets.qc.ca\/biblio_prim\/wp-content\/uploads\/sites\/15\/2016\/06\/Bon-de-commande_Vierge.xls\" target=\"_blank\">Bon de commande pour mat\u00e9riel de r\u00e9paration<\/a><\/p>\n<h4><strong>Vid\u00e9os sur la r\u00e9paration de livre endommag\u00e9s<\/strong><\/h4>\n<p><a href=\"https:\/\/www.youtube.com\/watch?v=aGRXOED8VwU&amp;list=PLv72YSDkdy_mgwuL7MyL1ux4iqLtSh8eT&amp;index=3\" target=\"_blank\">Les pages d\u00e9chir\u00e9es<\/a><\/p>\n<p><a href=\"https:\/\/www.youtube.com\/watch?v=Zn9eaYsT9QI\" target=\"_blank\">Les couvertures<\/a><\/p>\n<p><a href=\"https:\/\/www.youtube.com\/watch?v=NHHLqI0wUHg&amp;index=2&amp;list=PLv72YSDkdy_mgwuL7MyL1ux4iqLtSh8eT\" target=\"_blank\">Remonter une bande dessin\u00e9e<\/a><br \/>\n<a href=\"https:\/\/www.youtube.com\/watch?v=zbhq3qbZk0E&amp;list=PLv72YSDkdy_mgwuL7MyL1ux4iqLtSh8eT&amp;index=1\" target=\"_blank\">Cas divers<\/a><\/p>\n","protected":false},"excerpt":{"rendered":"<p>Une formation sur la r\u00e9paration de livres est offerte \u00e0 tous les enseignants et les b\u00e9n\u00e9voles qui souhaitent \u00eatre autonomes et s&rsquo;assurer d&rsquo;utiliser le mat\u00e9riel ad\u00e9quat. La formation, d&rsquo;une dur\u00e9e approximative de 2 heures, peut \u00eatre donn\u00e9e \u00e0 tout moment sur rendez-vous, avec un maximum de 4 personnes \u00e0 la fois. &nbsp; Formation sur la&hellip;<\/p>\n","protected":false},"author":122,"featured_media":0,"parent":0,"menu_order":0,"comment_status":"closed","ping_status":"closed","template":"","meta":{"footnotes":""},"class_list":["post-57","page","type-page","status-publish","hentry"],"_links":{"self":[{"href":"https:\/\/site.csdessommets.qc.ca\/biblio_prim\/wp-json\/wp\/v2\/pages\/57","targetHints":{"allow":["GET"]}}],"collection":[{"href":"https:\/\/site.csdessommets.qc.ca\/biblio_prim\/wp-json\/wp\/v2\/pages"}],"about":[{"href":"https:\/\/site.csdessommets.qc.ca\/biblio_prim\/wp-json\/wp\/v2\/types\/page"}],"author":[{"embeddable":true,"href":"https:\/\/site.csdessommets.qc.ca\/biblio_prim\/wp-json\/wp\/v2\/users\/122"}],"replies":[{"embeddable":true,"href":"https:\/\/site.csdessommets.qc.ca\/biblio_prim\/wp-json\/wp\/v2\/comments?post=57"}],"version-history":[{"count":4,"href":"https:\/\/site.csdessommets.qc.ca\/biblio_prim\/wp-json\/wp\/v2\/pages\/57\/revisions"}],"predecessor-version":[{"id":540,"href":"https:\/\/site.csdessommets.qc.ca\/biblio_prim\/wp-json\/wp\/v2\/pages\/57\/revisions\/540"}],"wp:attachment":[{"href":"https:\/\/site.csdessommets.qc.ca\/biblio_prim\/wp-json\/wp\/v2\/media?parent=57"}],"curies":[{"name":"wp","href":"https:\/\/api.w.org\/{rel}","templated":true}]}}