{"id":241,"date":"2023-05-16T14:30:11","date_gmt":"2023-05-16T18:30:11","guid":{"rendered":"https:\/\/site.csdessommets.qc.ca\/brouillonresnum\/edu-media\/"},"modified":"2023-06-30T12:45:36","modified_gmt":"2023-06-30T16:45:36","slug":"edu-media","status":"publish","type":"page","link":"https:\/\/site.csdessommets.qc.ca\/brouillonresnum\/edu-media\/","title":{"rendered":"Edu Media"},"content":{"rendered":"\n\n\t\t\t\t<img loading=\"lazy\" decoding=\"async\" src=\"https:\/\/site.csdessommets.qc.ca\/brouillonresnum\/wp-content\/uploads\/sites\/504\/2023\/05\/Edu-Media-300x65.jpg\" alt=\"Edu Media\" height=\"65\" width=\"300\" title=\"Edu Media\" \/>\n\t<p>EduMedia, est un outil p\u00e9dagogique pour l&rsquo;enseignement et\u00a0l&rsquo;apprentissage des disciplines scientifiques telles que les\u00a0math\u00e9matiques, la physique, chimie, sciences de la vie et de\u00a0la terre. La banque contient 400 ressources anim\u00e9es pour l&rsquo;enseignant. C&rsquo;est un outil de travail \u00a0et de r\u00e9vision pour l&rsquo;\u00e9l\u00e8ve. C&rsquo;est aussi une encyclop\u00e9die multim\u00e9dia.<\/p>\n<ul>\n<li>Disponible pour les syst\u00e8mes \u00a0Android et IOS.<\/li>\n<li>Disponible en 8 langues.<\/li>\n<li>Activit\u00e9s et animations pour le TNI.<\/li>\n<\/ul>\n\t<p><strong>Client\u00e8les cibl\u00e9es<\/strong><\/p>\n<ul>\n<li>\u00c9l\u00e8ves du primaire, secondaire, adaptation scolaire<\/li>\n<li>Enseignants<\/li>\n<\/ul>\n<p><strong>Documents d&rsquo;aide ou tutoriels<\/strong><\/p>\n<ul>\n<li><strong><a href=\"http:\/\/resnum.csdessommets.qc.ca\/wp-content\/uploads\/2015\/01\/edumedia_procedurier.pdf\" target=\"_blank\" rel=\"noopener noreferrer\">Proc\u00e9durier Edumedia<\/a><\/strong>\u00a0produit par la M\u00e9diath\u00e8que Maskoutaine<\/li>\n<li><strong><a href=\"http:\/\/resnum.csdessommets.qc.ca\/wp-content\/uploads\/2015\/01\/Guide-_de_base_eduMedia.pdf\" target=\"_blank\" rel=\"noopener noreferrer\">Guide d&rsquo;utilisation<\/a><\/strong>\u00a0produit par Edumedia<\/li>\n<li><strong><a href=\"http:\/\/resnum.csdessommets.qc.ca\/wp-content\/uploads\/2015\/01\/Edumedia_Liste_des_ressources.pdf\" target=\"_blank\" rel=\"noopener noreferrer\">Liste des\u00a0ressources disponibles sur le site<\/a><\/strong>\u00a0(15-02-10)<\/li>\n<\/ul>\n<p>&nbsp;<\/p>\n<p><strong>Tutoriels en vid\u00e9o<\/strong><\/p>\n<ul>\n<li><strong><a href=\"http:\/\/cameleon.tv\/app\/index.php\/share\/formation\/a7f25a90d7b83d140717d9e2e58c4422\" target=\"_blank\" rel=\"noopener noreferrer\">Edumedia\u00a0dans Cam\u00e9l\u00e9on<\/a><\/strong>\u00a0produite par le site\u00a0<a href=\"http:\/\/cameleon.tv\/index.php\" target=\"_blank\" rel=\"noopener noreferrer\"><strong>Cam\u00e9l\u00e9on<\/strong>\u00a0<\/a>de la CSSMI.<\/li>\n<\/ul>\n<p>*Attention: L&rsquo;acc\u00e8s \u00e0 Edumedia se fait par\u00a0<a href=\"https:\/\/mozaikportail.ca\/\" target=\"_blank\" rel=\"noopener noreferrer\"><strong>Moza\u00efk-Portail<\/strong><\/a>\u00a0au Centre de services scolaire des Sommets.<\/p>\n\n","protected":false},"excerpt":{"rendered":"<p>EduMedia, est un outil p\u00e9dagogique pour l&rsquo;enseignement et\u00a0l&rsquo;apprentissage des disciplines scientifiques telles que les\u00a0math\u00e9matiques, la physique, chimie, sciences de la vie et de\u00a0la terre. La banque contient 400 ressources anim\u00e9es pour l&rsquo;enseignant. C&rsquo;est un outil de travail \u00a0et de r\u00e9vision pour l&rsquo;\u00e9l\u00e8ve. C&rsquo;est aussi une encyclop\u00e9die multim\u00e9dia. Disponible pour les syst\u00e8mes \u00a0Android et IOS. Disponible&hellip;<\/p>\n","protected":false},"author":1281,"featured_media":0,"parent":0,"menu_order":0,"comment_status":"closed","ping_status":"closed","template":"","meta":{"footnotes":""},"class_list":["post-241","page","type-page","status-publish","hentry"],"_links":{"self":[{"href":"https:\/\/site.csdessommets.qc.ca\/brouillonresnum\/wp-json\/wp\/v2\/pages\/241","targetHints":{"allow":["GET"]}}],"collection":[{"href":"https:\/\/site.csdessommets.qc.ca\/brouillonresnum\/wp-json\/wp\/v2\/pages"}],"about":[{"href":"https:\/\/site.csdessommets.qc.ca\/brouillonresnum\/wp-json\/wp\/v2\/types\/page"}],"author":[{"embeddable":true,"href":"https:\/\/site.csdessommets.qc.ca\/brouillonresnum\/wp-json\/wp\/v2\/users\/1281"}],"replies":[{"embeddable":true,"href":"https:\/\/site.csdessommets.qc.ca\/brouillonresnum\/wp-json\/wp\/v2\/comments?post=241"}],"version-history":[{"count":5,"href":"https:\/\/site.csdessommets.qc.ca\/brouillonresnum\/wp-json\/wp\/v2\/pages\/241\/revisions"}],"predecessor-version":[{"id":351,"href":"https:\/\/site.csdessommets.qc.ca\/brouillonresnum\/wp-json\/wp\/v2\/pages\/241\/revisions\/351"}],"wp:attachment":[{"href":"https:\/\/site.csdessommets.qc.ca\/brouillonresnum\/wp-json\/wp\/v2\/media?parent=241"}],"curies":[{"name":"wp","href":"https:\/\/api.w.org\/{rel}","templated":true}]}}