{"id":499,"date":"2026-01-27T09:26:29","date_gmt":"2026-01-27T14:26:29","guid":{"rendered":"https:\/\/site.csdessommets.qc.ca\/brouillonresnum\/intelligence-artificielle\/"},"modified":"2026-03-18T14:08:24","modified_gmt":"2026-03-18T18:08:24","slug":"intelligence-artificielle","status":"publish","type":"page","link":"https:\/\/site.csdessommets.qc.ca\/brouillonresnum\/intelligence-artificielle\/","title":{"rendered":"Intelligence artificielle"},"content":{"rendered":"\n\n\t<p>Clique sur l&rsquo;image pour consulter le guide.<\/p>\n<p>Des capsules de pr\u00e9sentation du guide sont disponibles en d\u00e9filant la page vers le bas.<\/p>\n<figure>\n\t\t\t\t<a href=\"https:\/\/cdn-contenu.quebec.ca\/cdn-contenu\/education\/Numerique\/Guide-utilisation-pedagogique-ethique-legale-IA-personnel-enseignant.pdf\" target=\"_blank\" rel=\"noopener\">\n\t\t\t\t<img decoding=\"async\" src=\"https:\/\/site.csdessommets.qc.ca\/brouillonresnum\/wp-content\/uploads\/sites\/504\/2026\/01\/guide-destine-personnel-enseignant-232x300.png\" alt=\"guide-destine-personnel-enseignant\" height=\"300\" width=\"232\" title=\"guide-destine-personnel-enseignant\" loading=\"lazy\" \/>\n\t\t\t\t<\/a>\n\t<\/figure>\n\t<p><strong>Capsules de pr\u00e9sentation du guide<\/strong><\/p>\n\t\t<img decoding=\"async\" width=\"1655\" height=\"931\" src=\"https:\/\/site.csdessommets.qc.ca\/brouillonresnum\/wp-content\/uploads\/sites\/504\/2026\/01\/01_Introduction.png\" alt=\"\" loading=\"lazy\" \/><div style=\"width: 640px;\" class=\"wp-video\"><video class=\"wp-video-shortcode\" id=\"video-499-1\" width=\"640\" height=\"360\" poster=\"https:\/\/site.csdessommets.qc.ca\/brouillonresnum\/wp-content\/uploads\/sites\/504\/2026\/01\/01_Introduction.png\" preload=\"none\" controls=\"controls\"><source type=\"video\/mp4\" src=\"https:\/\/site.csdessommets.qc.ca\/brouillonresnum\/wp-content\/uploads\/sites\/504\/2026\/01\/Guide-IAG-personnel-enseignant_Partie-1.mp4?_=1\" \/><source type=\"video\/mp4\" src=\"https:\/\/site.csdessommets.qc.ca\/brouillonresnum\/wp-content\/uploads\/sites\/504\/2026\/01\/Guide-IAG-personnel-enseignant_Partie-1.mp4?_=1\" \/><a href=\"https:\/\/site.csdessommets.qc.ca\/brouillonresnum\/wp-content\/uploads\/sites\/504\/2026\/01\/Guide-IAG-personnel-enseignant_Partie-1.mp4\">https:\/\/site.csdessommets.qc.ca\/brouillonresnum\/wp-content\/uploads\/sites\/504\/2026\/01\/Guide-IAG-personnel-enseignant_Partie-1.mp4<\/a><\/video><\/div>\t\n<h2>\n\t\t<a href=\"https:\/\/site.csdessommets.qc.ca\/brouillonresnum\/wp-content\/uploads\/sites\/504\/2026\/01\/Guide-IAG-personnel-enseignant_Partie-1.mp4\" title=\"01 Introduction au guide\" target=\"_blank\" rel=\"noopener\">\n\t\t\t01 Introduction au guide\t\t<\/a>\n\t<\/h2>\n\t\t<img decoding=\"async\" width=\"1920\" height=\"1080\" src=\"https:\/\/site.csdessommets.qc.ca\/brouillonresnum\/wp-content\/uploads\/sites\/504\/2026\/03\/Vignette-02.png\" alt=\"\" loading=\"lazy\" \/><div style=\"width: 640px;\" class=\"wp-video\"><video muted class=\"wp-video-shortcode\" id=\"video-499-2\" width=\"640\" height=\"360\" poster=\"https:\/\/site.csdessommets.qc.ca\/brouillonresnum\/wp-content\/uploads\/sites\/504\/2026\/03\/Vignette-02.png\" autoplay preload=\"none\" controls=\"controls\"><source type=\"video\/mp4\" src=\"https:\/\/site.csdessommets.qc.ca\/brouillonresnum\/wp-content\/uploads\/sites\/504\/2026\/03\/Guide-IAG-personnel-enseignant_Partie-2.mp4?_=2\" \/><source type=\"video\/mp4\" src=\"https:\/\/site.csdessommets.qc.ca\/brouillonresnum\/wp-content\/uploads\/sites\/504\/2026\/03\/Guide-IAG-personnel-enseignant_Partie-2.mp4?_=2\" \/><a href=\"https:\/\/site.csdessommets.qc.ca\/brouillonresnum\/wp-content\/uploads\/sites\/504\/2026\/03\/Guide-IAG-personnel-enseignant_Partie-2.mp4\">https:\/\/site.csdessommets.qc.ca\/brouillonresnum\/wp-content\/uploads\/sites\/504\/2026\/03\/Guide-IAG-personnel-enseignant_Partie-2.mp4<\/a><\/video><\/div>\t\n<h2>\n\t\t<a href=\"https:\/\/site.csdessommets.qc.ca\/brouillonresnum\/wp-content\/uploads\/sites\/504\/2026\/01\/Guide-IAG-personnel-enseignant_Partie-1.mp4\" title=\"02 Crit\u00e8re p\u00e9dagogique\" target=\"_blank\" rel=\"noopener\">\n\t\t\t02 Crit\u00e8re p\u00e9dagogique\t\t<\/a>\n\t<\/h2>\n\t<p>Capsule \u00e0 venir<\/p>\n\t<p>Capsule \u00e0 venir<\/p>\n\n","protected":false},"excerpt":{"rendered":"<p>Clique sur l&rsquo;image pour consulter le guide. Des capsules de pr\u00e9sentation du guide sont disponibles en d\u00e9filant la page vers le bas. Capsules de pr\u00e9sentation du guide 01 Introduction au guide 02 Crit\u00e8re p\u00e9dagogique Capsule \u00e0 venir Capsule \u00e0 venir<\/p>\n","protected":false},"author":1281,"featured_media":0,"parent":0,"menu_order":0,"comment_status":"closed","ping_status":"closed","template":"","meta":{"footnotes":""},"class_list":["post-499","page","type-page","status-publish","hentry"],"_links":{"self":[{"href":"https:\/\/site.csdessommets.qc.ca\/brouillonresnum\/wp-json\/wp\/v2\/pages\/499","targetHints":{"allow":["GET"]}}],"collection":[{"href":"https:\/\/site.csdessommets.qc.ca\/brouillonresnum\/wp-json\/wp\/v2\/pages"}],"about":[{"href":"https:\/\/site.csdessommets.qc.ca\/brouillonresnum\/wp-json\/wp\/v2\/types\/page"}],"author":[{"embeddable":true,"href":"https:\/\/site.csdessommets.qc.ca\/brouillonresnum\/wp-json\/wp\/v2\/users\/1281"}],"replies":[{"embeddable":true,"href":"https:\/\/site.csdessommets.qc.ca\/brouillonresnum\/wp-json\/wp\/v2\/comments?post=499"}],"version-history":[{"count":8,"href":"https:\/\/site.csdessommets.qc.ca\/brouillonresnum\/wp-json\/wp\/v2\/pages\/499\/revisions"}],"predecessor-version":[{"id":515,"href":"https:\/\/site.csdessommets.qc.ca\/brouillonresnum\/wp-json\/wp\/v2\/pages\/499\/revisions\/515"}],"wp:attachment":[{"href":"https:\/\/site.csdessommets.qc.ca\/brouillonresnum\/wp-json\/wp\/v2\/media?parent=499"}],"curies":[{"name":"wp","href":"https:\/\/api.w.org\/{rel}","templated":true}]}}