{"id":66,"date":"2021-08-19T14:36:06","date_gmt":"2021-08-19T18:36:06","guid":{"rendered":"https:\/\/site.csdessommets.qc.ca\/brouillonresnum\/taptouche\/"},"modified":"2023-10-10T13:57:59","modified_gmt":"2023-10-10T17:57:59","slug":"taptouche","status":"publish","type":"page","link":"https:\/\/site.csdessommets.qc.ca\/brouillonresnum\/taptouche\/","title":{"rendered":"Tap&rsquo;touche"},"content":{"rendered":"\n\n\t\t\t\t<img loading=\"lazy\" decoding=\"async\" src=\"https:\/\/site.csdessommets.qc.ca\/brouillonresnum\/wp-content\/uploads\/sites\/504\/2023\/05\/TapTouche_scolaire.jpg\" alt=\"Tap'Touche_scolaire\" height=\"138\" width=\"300\" title=\"Tap'Touche_scolaire\" \/>\n\tCe logiciel en ligne propose des exercices d&rsquo;apprentissage par \u00e9tapes pour le d\u00e9veloppement de la clavigraphie, des exercices pour aller plus loin selon nos int\u00e9r\u00eats et des jeux amusants.<br \/>\nLe logiciel est compos\u00e9 d&rsquo;une section \u00e9l\u00e8ve et d&rsquo;une section de gestion pour les enseignants.\n\t<p><strong>Client\u00e8les cibl\u00e9es<\/strong><\/p>\n<ul>\n<li>\u00c9l\u00e8ves du primaire, secondaire, adaptation scolaire<\/li>\n<li>Enseignants<\/li>\n<\/ul>\n\t<p><strong>Approche p\u00e9dagogique<\/strong><\/p>\n<p>L&rsquo;\u00e9diteur du logiciel propose\u00a0<strong><a href=\"http:\/\/resnum.csdessommets.qc.ca\/wp-content\/uploads\/2015\/01\/taptouche_approche_pedagogique.pdf\" target=\"_blank\" rel=\"noopener noreferrer\">un document concernant l&rsquo;approche p\u00e9dagogique de Tap&rsquo;Touche<\/a><\/strong><\/p>\n\t<p><strong>Documents d&rsquo;aide ou tutoriels<\/strong><\/p>\n<ul>\n<li><a href=\"http:\/\/resnum.csdessommets.qc.ca\/wp-content\/uploads\/2015\/02\/taptouche_guide_utilisation.pdf\" target=\"_blank\" rel=\"noopener noreferrer\"><strong>Guide d&rsquo;utilisation<\/strong><\/a>\u00a0produit par Druide Informatique<\/li>\n<li><a href=\"http:\/\/resnum.csdessommets.qc.ca\/wp-content\/uploads\/2015\/02\/taptouche_guide_gestion.pdf\" target=\"_blank\" rel=\"noopener noreferrer\"><strong>Guide de\u00a0gestion<\/strong><\/a>\u00a0produit par Druide Informatique<\/li>\n<li><strong><a href=\"https:\/\/site.csdessommets.qc.ca\/brouillonresnum\/wp-content\/uploads\/sites\/504\/2023\/10\/TapTouche_Inscriptions_enseignants.pdf\" target=\"_blank\" rel=\"noopener\">Proc\u00e9durier<\/a><\/strong> pour le personnel enseignant<\/li>\n<li><strong><a href=\"https:\/\/site.csdessommets.qc.ca\/brouillonresnum\/wp-content\/uploads\/sites\/504\/2023\/10\/TapTouche_Inscriptions_eleves.pdf\" target=\"_blank\" rel=\"noopener\">Proc\u00e9durier<\/a><\/strong> pour les \u00e9l\u00e8ves<br \/>\nVoir la note plus haut concernant la cr\u00e9ation de groupe \u00e0 la CSS.<\/li>\n<\/ul>\n<p>&nbsp;<\/p>\n<p><strong>Tutoriels en vid\u00e9o<\/strong><\/p>\n<ul>\n<li><strong><a href=\"https:\/\/www.youtube.com\/watch?v=EhMjh-mZM-M&amp;noredirect=1\" target=\"_blank\" rel=\"noopener noreferrer\">Pourquoi choisir Tap&rsquo;Touche en ligne pour vos \u00e9l\u00e8ves<\/a><\/strong>\u00a0produit par Demarque<\/li>\n<li><a href=\"https:\/\/www.youtube.com\/watch?v=0jyvXjc4_ZE\" target=\"_blank\" rel=\"noopener noreferrer\"><strong>Tap&rsquo;Touche: technique de frappe<\/strong><\/a>\u00a0(\u00e9l\u00e8ve) produit par la biblioth\u00e8que de Brossard<\/li>\n<\/ul>\n\t\t\t<a href=\"https:\/\/www.taptouche.com\/user\/pages\/02.edition-scolaire\/01._presentation\/presentation-fr-h264.mp4\" target=\"_blank\" rel=\"noopener\">\n\t\t\t\t\t\tVid\u00e9o de pr\u00e9sentation\n\t\t\t\t\t<\/a>\n\n","protected":false},"excerpt":{"rendered":"<p>Ce logiciel en ligne propose des exercices d&rsquo;apprentissage par \u00e9tapes pour le d\u00e9veloppement de la clavigraphie, des exercices pour aller plus loin selon nos int\u00e9r\u00eats et des jeux amusants. Le logiciel est compos\u00e9 d&rsquo;une section \u00e9l\u00e8ve et d&rsquo;une section de gestion pour les enseignants. Client\u00e8les cibl\u00e9es \u00c9l\u00e8ves du primaire, secondaire, adaptation scolaire Enseignants Approche p\u00e9dagogique&hellip;<\/p>\n","protected":false},"author":1228,"featured_media":0,"parent":0,"menu_order":0,"comment_status":"closed","ping_status":"closed","template":"","meta":{"footnotes":""},"class_list":["post-66","page","type-page","status-publish","hentry"],"_links":{"self":[{"href":"https:\/\/site.csdessommets.qc.ca\/brouillonresnum\/wp-json\/wp\/v2\/pages\/66","targetHints":{"allow":["GET"]}}],"collection":[{"href":"https:\/\/site.csdessommets.qc.ca\/brouillonresnum\/wp-json\/wp\/v2\/pages"}],"about":[{"href":"https:\/\/site.csdessommets.qc.ca\/brouillonresnum\/wp-json\/wp\/v2\/types\/page"}],"author":[{"embeddable":true,"href":"https:\/\/site.csdessommets.qc.ca\/brouillonresnum\/wp-json\/wp\/v2\/users\/1228"}],"replies":[{"embeddable":true,"href":"https:\/\/site.csdessommets.qc.ca\/brouillonresnum\/wp-json\/wp\/v2\/comments?post=66"}],"version-history":[{"count":9,"href":"https:\/\/site.csdessommets.qc.ca\/brouillonresnum\/wp-json\/wp\/v2\/pages\/66\/revisions"}],"predecessor-version":[{"id":444,"href":"https:\/\/site.csdessommets.qc.ca\/brouillonresnum\/wp-json\/wp\/v2\/pages\/66\/revisions\/444"}],"wp:attachment":[{"href":"https:\/\/site.csdessommets.qc.ca\/brouillonresnum\/wp-json\/wp\/v2\/media?parent=66"}],"curies":[{"name":"wp","href":"https:\/\/api.w.org\/{rel}","templated":true}]}}