{"id":55,"date":"2016-08-30T17:00:44","date_gmt":"2016-08-30T15:00:44","guid":{"rendered":"https:\/\/site.csdessommets.qc.ca\/carrefourstandish\/accueil\/"},"modified":"2025-10-10T15:28:26","modified_gmt":"2025-10-10T19:28:26","slug":"accueil-2","status":"publish","type":"page","link":"https:\/\/site.csdessommets.qc.ca\/carrefourpedagogique\/","title":{"rendered":"Accueil"},"content":{"rendered":"\n\n\t\t\t\t<a href=\"https:\/\/csdessommets.sharepoint.com\/sites\/Sherpa?CT=1733323770842&#038;OR=OWA-NT-Mail&#038;CID=cc9e45c6-a43f-3797-d572-fb43ca0b4059\" target=\"_blank\" rel=\"noopener\">\n\t\t\t\t<img decoding=\"async\" src=\"https:\/\/site.csdessommets.qc.ca\/carrefourpedagogique\/wp-content\/uploads\/sites\/95\/2024\/12\/Visuel_Mousqueton-Centre-1.png\" alt=\"Visuel_Mousqueton (Centr\u00e9)\" height=\"562\" width=\"1141\" title=\"Visuel_Mousqueton (Centr\u00e9)\" loading='lazy' \/>\n\t\t\t\t<\/a>\n\t\t\t\t<a href=\"https:\/\/csdessommets.sharepoint.com\/:u:\/r\/sites\/Servicedefrancisationvirtueletcentralis\/SitePages\/Home.aspx?csf=1&#038;web=1&#038;e=TyLF4V\" target=\"_blank\" rel=\"noopener\">\n\t\t\t\t<img decoding=\"async\" src=\"https:\/\/site.csdessommets.qc.ca\/carrefourpedagogique\/wp-content\/uploads\/sites\/95\/2025\/09\/Francisation-ILSS.png\" alt=\"Francisation ILSS\" height=\"560\" width=\"1140\" title=\"Francisation ILSS\" loading='lazy' \/>\n\t\t\t\t<\/a>\n\t\t\t\t<a href=\"https:\/\/teams.microsoft.com\/l\/team\/19%3A1Sq-C-LkteJfGosj7QMcBHbEx5d6nIEzfO8pyXlwIBA1%40thread.tacv2\/conversations?groupId=8b316496-57fa-45cb-8c66-9598462c21bc&#038;tenantId=cede1faa-9b42-4798-8ad0-2620f045f81d\" target=\"_blank\" rel=\"noopener\">\n\t\t\t\t<img decoding=\"async\" src=\"https:\/\/site.csdessommets.qc.ca\/carrefourpedagogique\/wp-content\/uploads\/sites\/95\/2025\/09\/Culture-et-citoyennete-quebecoise-1.png\" alt=\"Culture et citoyennet\u00e9 qu\u00e9b\u00e9coise\" height=\"560\" width=\"1140\" title=\"Culture et citoyennet\u00e9 qu\u00e9b\u00e9coise\" loading='lazy' \/>\n\t\t\t\t<\/a>\n\t\t\t\t<a href=\"https:\/\/site.csdessommets.qc.ca\/competencesinformationnelles\/\" target=\"_blank\" rel=\"noopener\">\n\t\t\t\t<img decoding=\"async\" src=\"https:\/\/site.csdessommets.qc.ca\/carrefourpedagogique\/wp-content\/uploads\/sites\/95\/2025\/09\/Image-CI.png\" alt=\"Image CI\" height=\"560\" width=\"1140\" title=\"Image CI\" loading='lazy' \/>\n\t\t\t\t<\/a>\n\t\t\t\t<img decoding=\"async\" src=\"https:\/\/site.csdessommets.qc.ca\/carrefourpedagogique\/wp-content\/uploads\/sites\/95\/2023\/06\/RAI.png\" alt=\"RAI\" height=\"597\" width=\"717\" title=\"R\u00e0I en lecture\" loading='lazy' \/>\n\t\t\t\t\t<a href=\"#\" id=\"fl-accordion--label-0\" aria-controls=\"fl-accordion--panel-0\">R\u00e9ponse \u00e0 l&rsquo;invervention<\/a>\n\t\t\t\t\t\t\t\t\t\t\t<a href=\"#\" id=\"fl-accordion--icon-0\"><i title=\"D\u00e9plier\">D\u00e9plier<\/i><\/a>\n\t\t\t\t\t<p><a href=\"https:\/\/site.csdessommets.qc.ca\/railecture\/\" target=\"_blank\" rel=\"noopener\">R\u00e0I Trousses d&rsquo;\u00e9valuation et d&rsquo;intervention<\/a><\/p>\n\t\t\t\t<a href=\"https:\/\/site.csdessommets.qc.ca\/ressourcespourlesenseignantsetprofessionnels\/\" target=\"_blank\" rel=\"noopener\">\n\t\t\t\t<img decoding=\"async\" src=\"https:\/\/site.csdessommets.qc.ca\/carrefourpedagogique\/wp-content\/uploads\/sites\/95\/2022\/09\/Logo6_Site_covid.jpg\" alt=\"Logo6_Site_covid\" height=\"319\" width=\"1038\" title=\"Logo6_Site_covid\" loading='lazy' \/>\n\t\t\t\t<\/a>\n\t\t\t\t<img decoding=\"async\" src=\"https:\/\/site.csdessommets.qc.ca\/carrefourstandish\/wp-content\/uploads\/sites\/136\/2016\/08\/bibliotheque-1.jpg\" alt=\"\" loading='lazy' \/>\n\t<h3>\n\t\t\t\tLes biblioth\u00e8ques\n\t\t\t<\/h3>\n\t\t\t\t\t<ul id=\"menu-bibliotheque\"><li id=\"menu-item-435\"><a href=\"https:\/\/site.csdessommets.qc.ca\/biblio_prim\/\">Biblioth\u00e8ques au primaire<\/a><\/li>\n<li id=\"menu-item-436\"><a href=\"https:\/\/csdessommets.sharepoint.com\/sites\/bibliosecondaire\">Biblioth\u00e8ques au secondaire<\/a><\/li>\n<li id=\"menu-item-434\"><a href=\"https:\/\/site.csdessommets.qc.ca\/carrefourpedagogique\/blog\/categorie\/bibliotheque\/catalogues-regard\/\">Catalogues REGARD<\/a>\n<ul>\n\t<li id=\"menu-item-437\"><a href=\"https:\/\/regard.csdessommets.qc.ca\/sommets\/Pages\/Front\/Accueil\/Accueil.aspx#lisucc\">Catalogue des biblioth\u00e8ques du primaire &#8211; Centre administratif<\/a><\/li>\n\t<li id=\"menu-item-438\"><a href=\"https:\/\/regard.csdessommets.qc.ca\/tournesol\/Pages\/Front\/Accueil\/Accueil.aspx#lisucc\">\u00c9cole secondaire du Tournesol<\/a><\/li>\n\t<li id=\"menu-item-439\"><a href=\"https:\/\/regard.csdessommets.qc.ca\/odyssee\/Pages\/Front\/Accueil\/Accueil.aspx#lisucc\">\u00c9cole secondaire l&rsquo;Odyss\u00e9e<\/a><\/li>\n\t<li id=\"menu-item-440\"><a href=\"https:\/\/regard.csdessommets.qc.ca\/ruche\/Pages\/Front\/Accueil\/Accueil.aspx#lisucc\">\u00c9cole secondaire La Ruche<\/a><\/li>\n\t<li id=\"menu-item-441\"><a href=\"https:\/\/regard.csdessommets.qc.ca\/escale\/Pages\/Front\/Accueil\/Accueil.aspx#lisucc\">\u00c9cole secondaire L&rsquo;Escale<\/a><\/li>\n\t<li id=\"menu-item-442\"><a href=\"https:\/\/regard.csdessommets.qc.ca\/s_series\/Pages\/Front\/Accueil\/Accueil.aspx#lisucc\">S\u00e9ries classes &#8211; Toutes les \u00e9coles secondaire<\/a><\/li>\n<\/ul>\n<\/li>\n<li id=\"menu-item-688\"><a href=\"https:\/\/site.csdessommets.qc.ca\/carrefourpedagogique\/desole-le-sujet-nest-plus-couvert\/\">D\u00e9sol\u00e9<\/a><\/li>\n<\/ul>\t\n\t\t\t\t<a href=\"https:\/\/cssds.biblius.ca\/users\/sign_in\" target=\"_blank\" rel=\"noopener\">\n\t\t\t\t<img decoding=\"async\" src=\"https:\/\/site.csdessommets.qc.ca\/carrefourpedagogique\/wp-content\/uploads\/sites\/95\/2021\/10\/BP-logo_biblius_hor_tagline_couleur_rgb-2019-2.png\" alt=\"BP - logo_biblius_hor_tagline_couleur_rgb - 2019 (2)\" height=\"860\" width=\"2400\" title=\"BP - logo_biblius_hor_tagline_couleur_rgb - 2019 (2)\" loading='lazy' \/>\n\t\t\t\t<\/a>\n\t\t\t\t<a href=\"https:\/\/www.canva.com\/design\/DAFwUFgjuo0\/5JOmQHJ0WWBIRG2BZSIVhw\/view?website#4\" target=\"_blank\" rel=\"noopener\">\n\t\t\t\t<img decoding=\"async\" src=\"https:\/\/site.csdessommets.qc.ca\/carrefourpedagogique\/wp-content\/uploads\/sites\/95\/2023\/09\/UtilisationLivreNum.png\" alt=\"UtilisationLivreNum\" height=\"500\" width=\"1000\" title=\"UtilisationLivreNum\" loading='lazy' \/>\n\t\t\t\t<\/a>\n\t\t\t\t<img decoding=\"async\" src=\"https:\/\/site.csdessommets.qc.ca\/carrefourpedagogique\/wp-content\/uploads\/sites\/95\/2016\/08\/Card_CSDS-ABC-Recit.jpg\" alt=\"Card_CSDS-ABC-Recit\" height=\"319\" width=\"449\" title=\"Card_CSDS-ABC-Recit\" loading='lazy' \/>\n\t<h3>\n\t\t\t\tP\u00e9dagonum\u00e9rique\n\t\t\t<\/h3>\n\t\t\t\t\t<ul id=\"menu-pedagonumerique\"><li id=\"menu-item-447\"><a href=\"https:\/\/site.csdessommets.qc.ca\/brouillonresnum\/\">P\u00e9dagogie num\u00e9rique (nouveau!)<\/a><\/li>\n<li id=\"menu-item-448\"><a href=\"https:\/\/site.csdessommets.qc.ca\/eadistance\/\">Capsules de formation Teams (EAD)<\/a><\/li>\n<li id=\"menu-item-458\"><a href=\"https:\/\/site.csdessommets.qc.ca\/carrefourpedagogique\/blog\/categorie\/soutien-technologique\/\">Soutien et formation<\/a>\n<ul>\n\t<li id=\"menu-item-456\"><a href=\"https:\/\/site.csdessommets.qc.ca\/ipad\/\">iPad en classe<\/a><\/li>\n<\/ul>\n<\/li>\n<li id=\"menu-item-459\"><a href=\"https:\/\/site.csdessommets.qc.ca\/carrefourpedagogique\/blog\/categorie\/outils-numeriques\/\">Outils num\u00e9riques<\/a>\n<ul>\n\t<li id=\"menu-item-452\"><a href=\"https:\/\/site.csdessommets.qc.ca\/abc_recit\/guide-plateformes\/\">Plateformes num\u00e9riques au CSS<\/a><\/li>\n\t<li id=\"menu-item-449\"><a href=\"https:\/\/site.csdessommets.qc.ca\/\">SITE &#8211; cr\u00e9ation de sites web<\/a><\/li>\n\t<li id=\"menu-item-457\"><a href=\"https:\/\/site.csdessommets.qc.ca\/materiel_libre\/\">Mat\u00e9riel libre<\/a><\/li>\n<\/ul>\n<\/li>\n<\/ul>\t\n\t\t\t\t<img decoding=\"async\" src=\"https:\/\/site.csdessommets.qc.ca\/carrefourpedagogique\/wp-content\/uploads\/sites\/95\/2016\/08\/Card_CSDS-Prescolaire.jpg\" alt=\"Card_CSDS-Prescolaire\" height=\"319\" width=\"449\" title=\"Card_CSDS-Prescolaire\" loading='lazy' \/>\n\t\t\t\t\t<a href=\"#\" id=\"fl-accordion--label-0\" aria-controls=\"fl-accordion--panel-0\">\u00c9ducation pr\u00e9scolaire<\/a>\n\t\t\t\t\t\t\t\t\t\t\t<a href=\"#\" id=\"fl-accordion--icon-0\"><i title=\"D\u00e9plier\">D\u00e9plier<\/i><\/a>\n\t\t\t\t\t<p><a href=\"https:\/\/site.csdessommets.qc.ca\/cp_presco\/\">Site CP Pr\u00e9scolaire<\/a><\/p>\n\t\t\t\t<img decoding=\"async\" src=\"https:\/\/site.csdessommets.qc.ca\/carrefourpedagogique\/wp-content\/uploads\/sites\/95\/2016\/08\/Card_CSDS-Langue.jpg\" alt=\"Card_CSDS-Langue\" height=\"319\" width=\"449\" title=\"Card_CSDS-Langue\" loading='lazy' \/>\n\t\t\t\t\t<a href=\"#\" id=\"fl-accordion--label-0\" aria-controls=\"fl-accordion--panel-0\">Langues<\/a>\n\t\t\t\t\t\t\t\t\t\t\t<a href=\"#\" id=\"fl-accordion--icon-0\"><i title=\"D\u00e9plier\">D\u00e9plier<\/i><\/a>\n\t\t\t\t\t<p><a href=\"https:\/\/site.csdessommets.qc.ca\/cp_francais_prim\/\">Fran\u00e7ais\u00a0primaire<\/a><\/p>\n<p><a href=\"https:\/\/site.csdessommets.qc.ca\/cp_francais_sec\/\">Fran\u00e7ais\u00a0secondaire<\/a><\/p>\n<p><a href=\"https:\/\/site.csdessommets.qc.ca\/cp_anglais\/\">Anglais<\/a><\/p>\n<p><a href=\"https:\/\/csdessommets.sharepoint.com\/:u:\/r\/sites\/Servicedefrancisationvirtueletcentralis\/SitePages\/Home.aspx?csf=1&amp;web=1&amp;e=TyLF4V\">Francisation &#8211; ILSS<\/a><\/p>\n\t\t\t\t<img decoding=\"async\" src=\"https:\/\/site.csdessommets.qc.ca\/carrefourpedagogique\/wp-content\/uploads\/sites\/95\/2016\/08\/MathV2.jpg\" alt=\"mathv2\" height=\"319\" width=\"449\" title=\"mathv2\" loading='lazy' \/>\n\t\t\t\t\t<a href=\"#\" id=\"fl-accordion--label-0\" aria-controls=\"fl-accordion--panel-0\">Math, science, techno<\/a>\n\t\t\t\t\t\t\t\t\t\t\t<a href=\"#\" id=\"fl-accordion--icon-0\"><i title=\"D\u00e9plier\">D\u00e9plier<\/i><\/a>\n\t\t\t\t\t<p><a href=\"https:\/\/site.csdessommets.qc.ca\/carrefourpedagogique\/desole-le-sujet-nest-plus-couvert\/\">Sciences et technologies<\/a><\/p>\n<p><a href=\"https:\/\/site.csdessommets.qc.ca\/carrefourpedagogique\/desole-le-sujet-nest-plus-couvert\/\">Math\u00e9matiques au primaire<\/a><\/p>\n\t\t\t\t<img decoding=\"async\" src=\"https:\/\/site.csdessommets.qc.ca\/carrefourpedagogique\/wp-content\/uploads\/sites\/95\/2016\/08\/Univers-SocialV2.jpg\" alt=\"univers-socialv2\" height=\"319\" width=\"449\" title=\"univers-socialv2\" loading='lazy' \/>\n\t\t\t\t\t<a href=\"#\" id=\"fl-accordion--label-0\" aria-controls=\"fl-accordion--panel-0\">Univers social<\/a>\n\t\t\t\t\t\t\t\t\t\t\t<a href=\"#\" id=\"fl-accordion--icon-0\"><i title=\"D\u00e9plier\">D\u00e9plier<\/i><\/a>\n\t\t\t\t<img decoding=\"async\" src=\"https:\/\/site.csdessommets.qc.ca\/carrefourpedagogique\/wp-content\/uploads\/sites\/95\/2016\/08\/imgpsh_fullsize-1.jpg\" alt=\"imgpsh_fullsize (1)\" height=\"319\" width=\"449\" title=\"imgpsh_fullsize (1)\" loading='lazy' \/>\n\t\t\t\t\t<a href=\"#\" id=\"fl-accordion--label-0\" aria-controls=\"fl-accordion--panel-0\">\u00c9ducation \u00e0 la sexualit\u00e9<\/a>\n\t\t\t\t\t\t\t\t\t\t\t<a href=\"#\" id=\"fl-accordion--icon-0\"><i title=\"D\u00e9plier\">D\u00e9plier<\/i><\/a>\n\t\t\t\t\t<p><a href=\"https:\/\/site.csdessommets.qc.ca\/carrefourpedagogique\/desole-le-sujet-nest-plus-couvert\/\" target=\"_blank\" rel=\"noopener\">\u00c9ducation \u00e0 la sexualit\u00e9<\/a><\/p>\n\t<h3 align=\"center\">Diff\u00e9renciation p\u00e9dagogique<\/h3>\n\t\t\t\t<a href=\"https:\/\/site.csdessommets.qc.ca\/carrefourpedagogique\/differenciationdocs\/\" target=\"_self\">\n\t\t\t\t<img decoding=\"async\" src=\"https:\/\/site.csdessommets.qc.ca\/carrefourpedagogique\/wp-content\/uploads\/sites\/95\/2022\/05\/differenciation.png\" alt=\"differenciation\" height=\"336\" width=\"591\" title=\"differenciation\" loading='lazy' \/>\n\t\t\t\t<\/a>\n\t\t\t<a href=\"https:\/\/site.csdessommets.qc.ca\/carrefourpedagogique\/differenciationdocs\/\" target=\"_self\">\n\t\t\t\t\t\tDocuments \u00e0 consulter\n\t\t\t\t\t<\/a>\n\t<h3 align=\"center\">Orientation scolaire et prof.<\/h3>\n\t\t\t\t<img decoding=\"async\" src=\"https:\/\/site.csdessommets.qc.ca\/carrefourpedagogique\/wp-content\/uploads\/sites\/95\/2016\/08\/Developpement-perssonnelle.jpg\" alt=\"developpement-perssonnelle\" height=\"319\" width=\"449\" title=\"developpement-perssonnelle\" loading='lazy' \/>\n\t\t\t<a href=\"https:\/\/site.csdessommets.qc.ca\/tevaestrie\/\" target=\"_blank\" rel=\"noopener\">\n\t\t\t\t\t\tTeva Estrie\n\t\t\t\t\t<\/a>\n\n","protected":false},"excerpt":{"rendered":"<p>R\u00e9ponse \u00e0 l&rsquo;invervention D\u00e9plier R\u00e0I Trousses d&rsquo;\u00e9valuation et d&rsquo;intervention Les biblioth\u00e8ques Biblioth\u00e8ques au primaire Biblioth\u00e8ques au secondaire Catalogues REGARD Catalogue des biblioth\u00e8ques du primaire &#8211; Centre administratif \u00c9cole secondaire du Tournesol \u00c9cole secondaire l&rsquo;Odyss\u00e9e \u00c9cole secondaire La Ruche \u00c9cole secondaire L&rsquo;Escale S\u00e9ries classes &#8211; Toutes les \u00e9coles secondaire D\u00e9sol\u00e9 P\u00e9dagonum\u00e9rique P\u00e9dagogie num\u00e9rique (nouveau!) Capsules de&hellip;<\/p>\n","protected":false},"author":3,"featured_media":0,"parent":0,"menu_order":1,"comment_status":"closed","ping_status":"closed","template":"","meta":{"footnotes":""},"class_list":["post-55","page","type-page","status-publish","hentry"],"_links":{"self":[{"href":"https:\/\/site.csdessommets.qc.ca\/carrefourpedagogique\/wp-json\/wp\/v2\/pages\/55","targetHints":{"allow":["GET"]}}],"collection":[{"href":"https:\/\/site.csdessommets.qc.ca\/carrefourpedagogique\/wp-json\/wp\/v2\/pages"}],"about":[{"href":"https:\/\/site.csdessommets.qc.ca\/carrefourpedagogique\/wp-json\/wp\/v2\/types\/page"}],"author":[{"embeddable":true,"href":"https:\/\/site.csdessommets.qc.ca\/carrefourpedagogique\/wp-json\/wp\/v2\/users\/3"}],"replies":[{"embeddable":true,"href":"https:\/\/site.csdessommets.qc.ca\/carrefourpedagogique\/wp-json\/wp\/v2\/comments?post=55"}],"version-history":[{"count":173,"href":"https:\/\/site.csdessommets.qc.ca\/carrefourpedagogique\/wp-json\/wp\/v2\/pages\/55\/revisions"}],"predecessor-version":[{"id":692,"href":"https:\/\/site.csdessommets.qc.ca\/carrefourpedagogique\/wp-json\/wp\/v2\/pages\/55\/revisions\/692"}],"wp:attachment":[{"href":"https:\/\/site.csdessommets.qc.ca\/carrefourpedagogique\/wp-json\/wp\/v2\/media?parent=55"}],"curies":[{"name":"wp","href":"https:\/\/api.w.org\/{rel}","templated":true}]}}