{"id":240,"date":"2016-09-23T11:23:38","date_gmt":"2016-09-23T15:23:38","guid":{"rendered":"https:\/\/site.csdessommets.qc.ca\/comp_tic_primaire\/lexique\/"},"modified":"2017-02-16T10:41:53","modified_gmt":"2017-02-16T15:41:53","slug":"lexique","status":"publish","type":"page","link":"https:\/\/site.csdessommets.qc.ca\/comp_tic_primaire\/lexique\/","title":{"rendered":"Lexique"},"content":{"rendered":"<p>\t\t\t\t<img decoding=\"async\" src=\"https:\/\/site.csdessommets.qc.ca\/comp_tic_primaire\/wp-content\/uploads\/sites\/102\/2016\/09\/g5163v-150x150.png\" alt=\"g5163v\" \/><\/p>\n<h2>\n\t\tLexique TIC<br \/>\n\t<\/h2>\n<p style=\"text-align: right\"><a href=\"https:\/\/site.csdessommets.qc.ca\/comp_tic_primaire\/wp-content\/uploads\/sites\/102\/2016\/09\/lexique_TIC_2016-1.pdf\" target=\"_blank\">T\u00e9l\u00e9chargez la version PDF du lexique<\/a><\/p>\n<table style=\"border-color: #6eca0c\" border=\"4\" cellpadding=\"2\">\n<tbody>\n<tr>\n<td>\n<p style=\"text-align: center\"><strong>Aligner<\/strong><\/p>\n<\/td>\n<td>Action de placer du texte \u00e0 droite ou \u00e0 gauche de la page ou de disposer des objets sur une m\u00eame ligne.<\/td>\n<\/tr>\n<tr>\n<td>\n<p style=\"text-align: center\"><strong>Annuler<\/strong><\/p>\n<\/td>\n<td>Commande ou touche du menu qui permet de supprimer la derni\u00e8re modification apport\u00e9e \u00e0 un document<\/td>\n<\/tr>\n<tr>\n<td>\n<p style=\"text-align: center\"><strong>Appareil photo num\u00e9rique<\/strong><\/p>\n<\/td>\n<td>Appareil photo qui enregistre les images sous forme num\u00e9rique. Ces images peuvent par la suite \u00eatre transf\u00e9r\u00e9es sur un ordinateur ou un \u00e9cran.<\/td>\n<\/tr>\n<tr>\n<td>\n<p style=\"text-align: center\"><strong>Application ou logiciel<\/strong><\/p>\n<\/td>\n<td>Ensemble de programmes install\u00e9 sur un ordinateur qui permet de r\u00e9aliser ou d\u2019effectuer diverses t\u00e2ches.<\/td>\n<\/tr>\n<tr>\n<td>\n<p style=\"text-align: center\"><strong>Archiver<\/strong><\/p>\n<\/td>\n<td>R\u00e9unir en un seul fichier de nombreux autres fichiers. Ce fichier d&rsquo;archive est r\u00e9duit en terme d\u2019espace et se pr\u00eate alors mieux au transfert par r\u00e9seau.<\/td>\n<\/tr>\n<tr>\n<td>\n<p style=\"text-align: center\"><strong>Barre de d\u00e9filement<\/strong><\/p>\n<\/td>\n<td>La barre de d\u00e9filement est situ\u00e9e \u00e0 droite ou au bas de la fen\u00eatre. Elle est compos\u00e9e de trois \u00e9l\u00e9ments : les fl\u00e8ches vers le haut et vers le bas ainsi que le curseur. Cette barre permet de d\u00e9filer un document.<\/td>\n<\/tr>\n<tr>\n<td>\n<p style=\"text-align: center\"><strong>Boite de dialogue<\/strong><\/p>\n<\/td>\n<td>Message affich\u00e9 dans une boite qui apparait \u00e0 l\u2019\u00e9cran lorsque l\u2019ordinateur exige une t\u00e2che \u00e0 r\u00e9aliser avant d\u2019en poursuivre une autre.<\/td>\n<\/tr>\n<tr>\n<td>\n<p style=\"text-align: center\"><strong>Cam\u00e9scope num\u00e9rique<\/strong><\/p>\n<\/td>\n<td>Appareil qui capte les images en mouvement et les sons. Les vid\u00e9os r\u00e9alis\u00e9es peuvent \u00eatre transf\u00e9r\u00e9es sur un ordinateur.<\/td>\n<\/tr>\n<tr>\n<td>\n<p style=\"text-align: center\"><strong>Capture d\u2019\u00e9cran<\/strong><\/p>\n<\/td>\n<td>Enregistrement de ce qui est affich\u00e9 \u00e0 l\u2019\u00e9cran de l\u2019ordinateur. L\u2019image ou la vid\u00e9o est captur\u00e9e \u00e0 l\u2019aide d\u2019un logiciel pr\u00e9vu \u00e0 cette fin.<\/td>\n<\/tr>\n<tr>\n<td>\n<p style=\"text-align: center\"><strong>Carte m\u00e9moire<\/strong><\/p>\n<\/td>\n<td>Support de stockage de donn\u00e9es que l&rsquo;on ins\u00e8re dans un appareil \u00e9lectronique, comme un ordinateur, appareil photo num\u00e9rique, un t\u00e9l\u00e9phone, etc. Ex. : Carte SD ou micro-SD<\/td>\n<\/tr>\n<tr>\n<td>\n<p style=\"text-align: center\"><strong>Casque-micro<\/strong><\/p>\n<\/td>\n<td>Casque d&rsquo;\u00e9coute sur lequel est fix\u00e9 un microphone qui est utilis\u00e9 pour les communications ou les enregistrements.<\/td>\n<\/tr>\n<tr>\n<td>\n<p style=\"text-align: center\"><strong>Clavier<\/strong><\/p>\n<\/td>\n<td>Composante de l\u2019ordinateur qui permet de taper des lettres et des chiffres.<\/td>\n<\/tr>\n<tr>\n<td>\n<p style=\"text-align: center\"><strong>Cl\u00e9 USB<\/strong><\/p>\n<\/td>\n<td>Petit support amovible, contenant une m\u00e9moire qui permet de stocker et de transporter des donn\u00e9es.<\/td>\n<\/tr>\n<tr>\n<td>\n<p style=\"text-align: center\"><strong>Cliquer<\/strong><\/p>\n<\/td>\n<td>Enfoncer et rel\u00e2cher le bouton poussoir d\u2019une souris ou d\u2019un dispositif similaire.<\/td>\n<\/tr>\n<tr>\n<td>\n<p style=\"text-align: center\"><strong>Coller<\/strong><\/p>\n<\/td>\n<td>Commande du menu \u00c9dition permettant d\u2019ajouter les \u00e9l\u00e9ments du Presse-papier dans un document. Raccourci clavier : Ctl+V<\/td>\n<\/tr>\n<tr>\n<td>\n<p style=\"text-align: center\"><strong>Communaut\u00e9 virtuelle<\/strong><\/p>\n<\/td>\n<td>Ensemble de personnes qui se rencontrent et ont des \u00e9changes par l&rsquo;interm\u00e9diaire d&rsquo;Internet.<\/td>\n<\/tr>\n<tr>\n<td>\n<p style=\"text-align: center\"><strong>Copie de sauvegarde<\/strong><\/p>\n<\/td>\n<td>Copie d&rsquo;un fichier ou d&rsquo;un ensemble de fichiers en vue d&rsquo;assurer la r\u00e9cup\u00e9ration des donn\u00e9es en cas de perte. Cette op\u00e9ration doit \u00eatre faite r\u00e9guli\u00e8rement.<\/td>\n<\/tr>\n<tr>\n<td>\n<p style=\"text-align: center\"><strong>Copier<\/strong><\/p>\n<\/td>\n<td>Commande du menu \u00c9dition permettant de mettre en m\u00e9moire temporairement un contenu dans le Presse-papiers dans le but de le reproduire ailleurs. Raccourci clavier : Ctl+C<\/td>\n<\/tr>\n<tr>\n<td>\n<p style=\"text-align: center\"><strong>Copier-coller<\/strong><\/p>\n<\/td>\n<td>Utilisation successive des commandes Copier et Coller du menu \u00c9dition. Cela permet de placer dans le Presse-papiers une donn\u00e9e, un fichier ou une partie d\u2019un document sans le supprimer puis de le reproduire \u00e0 un autre endroit.<\/td>\n<\/tr>\n<tr>\n<td>\n<p style=\"text-align: center\"><strong>Couper<\/strong><\/p>\n<\/td>\n<td>Commande du menu \u00c9dition permettant de supprimer et de copier simultan\u00e9ment un contenu dans le but de le reproduire ailleurs. Raccourci clavier : Ctl+X<\/td>\n<\/tr>\n<tr>\n<td>\n<p style=\"text-align: center\"><strong>Couper-coller<\/strong><\/p>\n<\/td>\n<td>Utilisation successive des commandes Couper et Coller du menu \u00c9dition permettant de supprimer une donn\u00e9e, un fichier ou une partie s\u00e9lectionn\u00e9e d&rsquo;un document puis de le placer \u00e0 un autre endroit par l&rsquo;interm\u00e9diaire du Presse-papiers.<\/td>\n<\/tr>\n<tr>\n<td>\n<p style=\"text-align: center\"><strong>Courriel<\/strong><\/p>\n<\/td>\n<td>Message \u00e9lectronique transmis par un utilisateur vers un ou plusieurs destinataires par l&rsquo;interm\u00e9diaire d&rsquo;un r\u00e9seau informatique.<\/td>\n<\/tr>\n<tr>\n<td>\n<p style=\"text-align: center\"><strong>Curseur<\/strong><\/p>\n<\/td>\n<td>Petite barre, g\u00e9n\u00e9ralement clignotante qui indique l&rsquo;endroit o\u00f9 des caract\u00e8res tap\u00e9s au clavier pourraient \u00eatre ins\u00e9r\u00e9s. Il ne doit pas \u00eatre confondu avec le pointeur de la souris.<\/td>\n<\/tr>\n<tr>\n<td>\n<p style=\"text-align: center\"><strong>Didacticiel<\/strong><\/p>\n<\/td>\n<td>Logiciel servant \u00e0 enseigner une m\u00e9thode ou certaines connaissances<\/td>\n<\/tr>\n<tr>\n<td>\n<p style=\"text-align: center\"><strong>Disque dur<\/strong><\/p>\n<\/td>\n<td>Support de m\u00e9moire interne ou externe de l\u2019ordinateur qui permet d\u2019avoir acc\u00e8s \u00e0 une tr\u00e8s grande capacit\u00e9 de stockage. Habituellement, le disque dur correspond \u00e0 la lettre C ou D de l\u2019ordinateur.<\/td>\n<\/tr>\n<tr>\n<td>\n<p style=\"text-align: center\"><strong>Dossier<\/strong><\/p>\n<\/td>\n<td>Conteneur que l\u2019utilisateur doit nommer et qui lui permet de ranger des fichiers, des documents, des images, des logiciels d&rsquo;application, etc.<\/td>\n<\/tr>\n<tr>\n<td>\n<p style=\"text-align: center\"><strong>Double-cliquer<\/strong><\/p>\n<\/td>\n<td>Enfoncer et rel\u00e2cher deux fois le bouton poussoir d\u2019une souris. Le double-clic est souvent utilis\u00e9 \u00e0 l\u2019ordinateur pour ex\u00e9cuter certaines t\u00e2ches.<\/td>\n<\/tr>\n<tr>\n<td>\n<p style=\"text-align: center\"><strong>DVD<\/strong><\/p>\n<\/td>\n<td>Le DVD est un disque optique num\u00e9rique employ\u00e9 pour la sauvegarde et le stockage de donn\u00e9es.<\/td>\n<\/tr>\n<tr>\n<td>\n<p style=\"text-align: center\"><strong>\u00c9couteurs<\/strong><\/p>\n<\/td>\n<td>Dispositif qui se place dans ou sur les oreilles pour transmettre les sons provenant d\u2019un ordinateur ou d\u2019un appareil audio.<\/td>\n<\/tr>\n<tr>\n<td>\n<p style=\"text-align: center\"><strong>\u00c9cran ou moniteur<\/strong><\/p>\n<\/td>\n<td>Composante permettant d&rsquo;afficher des images provenant de l&rsquo;ordinateur.<\/td>\n<\/tr>\n<tr>\n<td>\n<p style=\"text-align: center\"><strong>Effacer<\/strong><\/p>\n<\/td>\n<td>Action de supprimer des informations dans un document ou enregistr\u00e9es sur un support de stockage.<\/td>\n<\/tr>\n<tr>\n<td>\n<p style=\"text-align: center\"><strong>\u00c9jecter<\/strong><\/p>\n<\/td>\n<td>Faire sortir une unit\u00e9 de stockage ou un p\u00e9riph\u00e9rique du lecteur dans lequel il est ins\u00e9r\u00e9.<\/td>\n<\/tr>\n<tr>\n<td>\n<p style=\"text-align: center\"><strong>Enregistrer<\/strong><\/p>\n<\/td>\n<td>Commande du menu Fichier permettant de conserver le document sur le disque dur ou sur une unit\u00e9 de stockage. Un nom doit \u00eatre donn\u00e9 \u00e0 ce document. Raccourci clavier : Ctrl+ S<\/td>\n<\/tr>\n<tr>\n<td>\n<p style=\"text-align: center\"><strong>Fermer<\/strong><\/p>\n<\/td>\n<td>Commande du menu Fichier permettant de quitter le document courant tout en demeurant dans l&rsquo;application.<\/td>\n<\/tr>\n<tr>\n<td>\n<p style=\"text-align: center\"><strong>Fichier<\/strong><\/p>\n<\/td>\n<td>Ensemble d\u2019informations num\u00e9riques stock\u00e9es sous un m\u00eame nom. Un fichier peut \u00eatre un texte, une image, un son, etc. Un ou plusieurs fichiers peuvent se retrouver dans un dossier.<\/td>\n<\/tr>\n<tr>\n<td>\n<p style=\"text-align: center\"><strong>Glisser-d\u00e9poser<\/strong><\/p>\n<\/td>\n<td>Action permettant de d\u00e9placer \u00e0 l&rsquo;aide de la souris un objet num\u00e9rique d\u2019un endroit \u00e0 un autre.<\/td>\n<\/tr>\n<tr>\n<td>\n<p style=\"text-align: center\"><strong>Ic\u00f4ne<\/strong><\/p>\n<\/td>\n<td>Image de petite dimension qui repr\u00e9sente un objet, un concept, un logiciel ou une fonction. Pictogramme et ic\u00f4ne peuvent \u00eatre synonymes.<\/td>\n<\/tr>\n<tr>\n<td>\n<p style=\"text-align: center\"><strong>Importer<\/strong><\/p>\n<\/td>\n<td>Amener une donn\u00e9e ou un fichier d\u2019une application vers une autre.<\/td>\n<\/tr>\n<tr>\n<td>\n<p style=\"text-align: center\"><strong>Imprimante<\/strong><\/p>\n<\/td>\n<td>Appareil ou p\u00e9riph\u00e9rique connect\u00e9 \u00e0 l\u2019ordinateur qui permettent de reproduire sur papier de l\u2019information (caract\u00e8res ou images).<\/td>\n<\/tr>\n<tr>\n<td>\n<p style=\"text-align: center\"><strong>Informatique<\/strong><\/p>\n<\/td>\n<td>Domaine qui se rapporte au traitement automatique des informations et \u00e0 l\u2019utilisation des ordinateurs.<\/td>\n<\/tr>\n<tr>\n<td>\n<p style=\"text-align: center\"><strong>Internet<\/strong><\/p>\n<\/td>\n<td>Ensemble d\u2019ordinateurs reli\u00e9s entre eux constituant un r\u00e9seau information mondial.<\/td>\n<\/tr>\n<tr>\n<td>\n<p style=\"text-align: center\"><strong>Intranet<\/strong><\/p>\n<\/td>\n<td>R\u00e9seau informatique priv\u00e9, \u00e0 l&rsquo;int\u00e9rieur d&rsquo;une organisation.<\/td>\n<\/tr>\n<tr>\n<td>\n<p style=\"text-align: center\"><strong>Justifier<\/strong><\/p>\n<\/td>\n<td>Action d\u2019aligner le texte pour rejoindre les marges \u00e0 droite et \u00e0 gauche de fa\u00e7on r\u00e9guli\u00e8re sur une page.<\/td>\n<\/tr>\n<tr>\n<td><\/td>\n<td>Raccourci clavier : Ctl+ J<\/td>\n<\/tr>\n<tr>\n<td>\n<p style=\"text-align: center\"><strong>Logiciel ou application<\/strong><\/p>\n<\/td>\n<td>Ensemble de programmes install\u00e9 sur un ordinateur qui permet de r\u00e9aliser ou d\u2019effectuer diverses t\u00e2ches.<\/td>\n<\/tr>\n<tr>\n<td>\n<p style=\"text-align: center\"><strong>Ludiciel<\/strong><\/p>\n<\/td>\n<td>Logiciel con\u00e7u pour le jeu et qui peut \u00e9galement proposer certains apprentissages.<\/td>\n<\/tr>\n<tr>\n<td>\n<p style=\"text-align: center\"><strong>Matriciel (type d\u2019image)<\/strong><\/p>\n<\/td>\n<td>Image constitu\u00e9e d\u2019une matrice de points appel\u00e9s pixels. Chaque espace de la grille est rempli ou non d\u2019une couleur ou d\u2019un ton de gris. Une photo num\u00e9rique est une image matricielle. Ces images sont souvent de format jpg ou png.<\/td>\n<\/tr>\n<tr>\n<td>\n<p style=\"text-align: center\"><strong>Menu<\/strong><\/p>\n<\/td>\n<td>Une boite rectangulaire d\u00e9ploy\u00e9e par un clic de souris dans laquelle est regroup\u00e9e une liste de commandes permettant de choisir quelle action sera accomplie par le logiciel.<\/td>\n<\/tr>\n<tr>\n<td>\n<p style=\"text-align: center\"><strong>Menu contextuel<\/strong><\/p>\n<\/td>\n<td>Menu suppl\u00e9mentaire qui apparait en cliquant avec le bouton droit de la souris dans la surface de travail. Ce menu propose diff\u00e9rentes options en lien avec l\u2019endroit cliqu\u00e9 dans la page.<\/td>\n<\/tr>\n<tr>\n<td>\n<p style=\"text-align: center\"><strong>Microphone<\/strong><\/p>\n<\/td>\n<td>Appareil qui capte les sons et la voix en utilisant un logiciel afin de cr\u00e9er un enregistrement sonore.<\/td>\n<\/tr>\n<tr>\n<td>\n<p style=\"text-align: center\"><strong>Moteur de recherche<\/strong><\/p>\n<\/td>\n<td>Programme permettant de rechercher de l&rsquo;information sur le Web. L\u2019utilisateur se sert de mots-cl\u00e9s et ajuste sa recherche selon diff\u00e9rents param\u00e8tres. Ex. de moteurs : Google, Yahoo, Bing, etc.<\/td>\n<\/tr>\n<tr>\n<td>\n<p style=\"text-align: center\"><strong>Navigateur web<\/strong><\/p>\n<\/td>\n<td>Logiciel qui d\u00e9code le langage informatique pour que l\u2019utilisateur puisse voir les informations sous forme de textes et d\u2019images. Ex. de navigateur : Chrome, Firefox, Internet Explorer, etc.<\/td>\n<\/tr>\n<tr>\n<td>\n<p style=\"text-align: center\"><strong>Naviguer<\/strong><\/p>\n<\/td>\n<td>Explorer et rechercher des informations dans Internet \u00e0 partir d&rsquo;un navigateur web.<\/td>\n<\/tr>\n<tr>\n<td>\n<p style=\"text-align: center\"><strong>Num\u00e9riseur<\/strong><\/p>\n<\/td>\n<td>P\u00e9riph\u00e9rique de l\u2019ordinateur qui permet de convertir des images et des textes au format num\u00e9rique.<\/td>\n<\/tr>\n<tr>\n<td>\n<p style=\"text-align: center\"><strong>Pav\u00e9 tactile<\/strong><\/p>\n<\/td>\n<td>Composante d\u2019un ordinateur portable constitu\u00e9 d\u2019une petite surface et de deux boutons sur lesquels on d\u00e9place le doigt. Le pav\u00e9 est un dispositif de pointage et remplace la souris.<\/td>\n<\/tr>\n<tr>\n<td>\n<p style=\"text-align: center\"><strong>P\u00e9riph\u00e9rique<\/strong><\/p>\n<\/td>\n<td>Mat\u00e9riel informatique ou \u00e9lectronique raccord\u00e9 \u00e0 l\u2019ordinateur sur lequel il est possible d\u2019entrer ou de sortir des donn\u00e9es. Ex.de p\u00e9riph\u00e9rique : souris, imprimante, casque d\u2019\u00e9coute, hautparleurs, etc.<\/td>\n<\/tr>\n<tr>\n<td>\n<p style=\"text-align: center\"><strong>Pictogramme<\/strong><\/p>\n<\/td>\n<td>Image de petite dimension qui repr\u00e9sente un objet, un concept, un logiciel ou une fonction. Ic\u00f4ne et pictogramme peuvent \u00eatre des synonymes.<\/td>\n<\/tr>\n<tr>\n<td>\n<p style=\"text-align: center\"><strong>Pi\u00e8ce jointe<\/strong><\/p>\n<\/td>\n<td>Fichier ajout\u00e9 \u00e0 un courrier \u00e9lectronique. Ce fichier peut \u00eatre un texte, une image, une vid\u00e9o, etc. Il est possible de t\u00e9l\u00e9charger et d\u2019ouvrir un fichier envoy\u00e9 en pi\u00e8ce jointe.<\/td>\n<\/tr>\n<tr>\n<td>\n<p style=\"text-align: center\"><strong>Pointer<\/strong><\/p>\n<\/td>\n<td>Action de positionner le pointeur de la souris sur un \u00e9l\u00e9ment particulier afin de le s\u00e9lectionner ou de l\u2019activer.<\/td>\n<\/tr>\n<tr>\n<td>\n<p style=\"text-align: center\"><strong>Pointer et cliquer<\/strong><\/p>\n<\/td>\n<td>Actions simultan\u00e9es faites \u00e0 l\u2019aide de la souris pour positionner le pointeur sur un \u00e9l\u00e9ment particulier afin de le s\u00e9lectionner (pointer) et ensuite appuyer rapidement une ou deux fois sur le bouton de la souris puis le rel\u00e2cher.<\/td>\n<\/tr>\n<tr>\n<td>\n<p style=\"text-align: center\"><strong>Pointeur de la souris<\/strong><\/p>\n<\/td>\n<td>Symbole affich\u00e9 \u00e0 l&rsquo;\u00e9cran, habituellement en forme de fl\u00e8che, qui indique la position d\u00e9termin\u00e9e de la souris.<\/td>\n<\/tr>\n<tr>\n<td>\n<p style=\"text-align: center\"><strong>Port (USB, HDMI, VGA, ect.)<\/strong><\/p>\n<\/td>\n<td>Connecteurs situ\u00e9s sur les c\u00f4t\u00e9s d\u2019un ordinateur permettent de relier un ordinateur \u00e0 un p\u00e9riph\u00e9rique. Ex. : Le port USB peut \u00eatre utilis\u00e9 pour connecter une cl\u00e9 USB. Un c\u00e2ble VGA peut servir \u00e0 brancher un vid\u00e9oprojecteur.<\/td>\n<\/tr>\n<tr>\n<td>\n<p style=\"text-align: center\"><strong>Presse-papier<\/strong><\/p>\n<\/td>\n<td>Zone de la m\u00e9moire de l\u2019ordinateur qui sert \u00e0 stocker temporairement des donn\u00e9es. Le Presse-papier est utilis\u00e9 dans l\u2019op\u00e9ration copier-coller.<\/td>\n<\/tr>\n<tr>\n<td>\n<p style=\"text-align: center\"><strong>Quitter<\/strong><\/p>\n<\/td>\n<td>Commande du menu Fichier qui permet de sortir d\u2019une application.<\/td>\n<\/tr>\n<tr>\n<td>\n<p style=\"text-align: center\"><strong>Raccourci-clavier<\/strong><\/p>\n<\/td>\n<td>S\u00e9quence de touches qui permet de r\u00e9aliser avec le clavier une commande ou une action faite g\u00e9n\u00e9ralement avec la souris. Il existe de nombreux raccourcis, et ce, dans tous les logiciels.<\/td>\n<\/tr>\n<tr>\n<td>\n<p style=\"text-align: center\"><strong>R\u00e9seau<\/strong><\/p>\n<\/td>\n<td>Un r\u00e9seau se d\u00e9finit par un ensemble de relations. Il peut s\u2019agir d\u2019un r\u00e9seau humain ou d\u2019un r\u00e9seau d\u2019ordinateurs reli\u00e9s entre eux.<\/td>\n<\/tr>\n<tr>\n<td>\n<p style=\"text-align: center\"><strong>Rogner<\/strong><\/p>\n<\/td>\n<td>Commande du menu Supprimer pour enlever une partie d&rsquo;une image en taillant un ou plusieurs de ses c\u00f4t\u00e9s.<\/td>\n<\/tr>\n<tr>\n<td>\n<p style=\"text-align: center\"><strong>S\u00e9lectionner<\/strong><\/p>\n<\/td>\n<td>Choisir un objet \u00e0 l&rsquo;\u00e9cran en le surlignant ou en l\u2019encadrant \u00e0 l\u2019aide d\u2019un dispositif de pointage.<\/td>\n<\/tr>\n<tr>\n<td>\n<p style=\"text-align: center\"><strong>Serveur<\/strong><\/p>\n<\/td>\n<td>Ordinateur ou ensemble d\u2019ordinateurs fonctionnant en permanence qui offre \u00e0 un groupe d\u2019utilisateurs diff\u00e9rents services comme la sauvegarde de s\u00e9curit\u00e9, le courrier \u00e9lectronique, l\u2019acc\u00e8s \u00e0 Internet, etc.<\/td>\n<\/tr>\n<tr>\n<td>\n<p style=\"text-align: center\"><strong>Signet (favori)<\/strong><\/p>\n<\/td>\n<td>Rep\u00e8re d&rsquo;un document web mis en m\u00e9moire par l\u2019utilisateur. Il suffit de cliquer sur un signet pour atteindre le site ou la page, sans devoir en saisir l&rsquo;adresse.<\/td>\n<\/tr>\n<tr>\n<td>\n<p style=\"text-align: center\"><strong>Site web ou Internet<\/strong><\/p>\n<\/td>\n<td>Ensemble de pages web li\u00e9 entre elles et mis en ligne par une adresse web (URL). Habituellement, une adresse web d\u00e9bute par : http:\/\/&#8230;<\/td>\n<\/tr>\n<tr>\n<td>\n<p style=\"text-align: center\"><strong>Souris<\/strong><\/p>\n<\/td>\n<td>Dispositif de pointage muni de boutons poussoirs qui permet de diriger les mouvements du pointeur \u00e0 l&rsquo;\u00e9cran. La souris sert \u00e0 transmettre des commandes \u00e0 l\u2019ordinateur.<\/td>\n<\/tr>\n<tr>\n<td>\n<p style=\"text-align: center\"><strong>Stylet<\/strong><\/p>\n<\/td>\n<td>Outil en forme de crayon qui agit comme dispositif de pointage. Le stylet est utilis\u00e9 avec un p\u00e9riph\u00e9rique compl\u00e9mentaire comme la tablette ou le TNI.<\/td>\n<\/tr>\n<tr>\n<td>\n<p style=\"text-align: center\"><strong>Supprimer<\/strong><\/p>\n<\/td>\n<td>Faire disparaitre des donn\u00e9es ou un fichier d&rsquo;un support de stockage.<\/td>\n<\/tr>\n<tr>\n<td>\n<p style=\"text-align: center\"><strong>Surligner<\/strong><\/p>\n<\/td>\n<td>S\u00e9lectionner et recouvrir un mot ou une phrase en utilisant le pointeur de la souris.<\/td>\n<\/tr>\n<tr>\n<td>\n<p style=\"text-align: center\"><strong>Tableau num\u00e9rique interactif (TNI)<\/strong><\/p>\n<\/td>\n<td>Dispositif compos\u00e9 d&rsquo;un ordinateur, d&rsquo;un vid\u00e9oprojecteur et d&rsquo;un tableau blanc \u00e9lectronique. La surface du tableau sert \u00e0 afficher l\u2019image de l\u2019\u00e9cran et \u00e0 transmettre des commandes \u00e0 l\u2019ordinateur \u00e0 l\u2019aide d\u2019un stylet.<\/td>\n<\/tr>\n<tr>\n<td>\n<p style=\"text-align: center\"><strong>T\u00e9l\u00e9charger<\/strong><\/p>\n<\/td>\n<td>Transf\u00e9rer des donn\u00e9es ou des programmes d&rsquo;un ordinateur distant vers un ordinateur local par l&rsquo;entremise d&rsquo;un r\u00e9seau.<\/td>\n<\/tr>\n<tr>\n<td>\n<p style=\"text-align: center\"><strong>T\u00e9l\u00e9verser<\/strong><\/p>\n<\/td>\n<td>Transf\u00e9rer des donn\u00e9es ou des programmes d&rsquo;un ordinateur local vers un ordinateur distant par l&rsquo;entremise d&rsquo;un r\u00e9seau.<\/td>\n<\/tr>\n<tr>\n<td>\n<p style=\"text-align: center\"><strong>Unit\u00e9 centrale<\/strong><\/p>\n<\/td>\n<td>Commun\u00e9ment appel\u00e9e ordinateur, l\u2019unit\u00e9 centrale est constitu\u00e9e d&rsquo;un ou plusieurs processeurs et de m\u00e9moires internes.<\/td>\n<\/tr>\n<tr>\n<td>\n<p style=\"text-align: center\"><strong>Unit\u00e9 de stockage<\/strong><\/p>\n<\/td>\n<td>Support de m\u00e9moire de capacit\u00e9 et de rapidit\u00e9 variable. Ex. : disque dur, cl\u00e9 USB, etc.<\/td>\n<\/tr>\n<tr>\n<td>\n<p style=\"text-align: center\"><strong>URL<\/strong><\/p>\n<\/td>\n<td>\u00ab\u00a0Acronyme qui signifie Uniform, Ressource, Locator c\u2019est-\u00e0-dire localisateur uniforme de ressources. L\u2019adresse URL ou adresse Web est le code qui permet de trouver une page pr\u00e9cise dans le Web. Habituellement, une adresse URL d\u00e9bute par : http:\/\/&#8230;<\/td>\n<\/tr>\n<tr>\n<td>\n<p style=\"text-align: center\"><strong>Vectoriel (type d\u2019image)<\/strong><\/p>\n<\/td>\n<td>Image num\u00e9rique constitu\u00e9e d\u2019objets g\u00e9om\u00e9triques (lignes et formes). L\u2019image est enregistr\u00e9e sous la forme de vecteurs, sortes de commandes que le logiciel interpr\u00e8te afin de faire appara\u00eetre l\u2019image.<\/td>\n<\/tr>\n<tr>\n<td>\n<p style=\"text-align: center\"><strong>Vid\u00e9oprojecteur<\/strong><\/p>\n<\/td>\n<td>Appareil permettant la projection agrandie d&rsquo;images vid\u00e9os sur un \u00e9cran, au moyen d&rsquo;un faisceau lumineux.<\/td>\n<\/tr>\n<tr>\n<td>\n<p style=\"text-align: center\"><strong>Virus<\/strong><\/p>\n<\/td>\n<td>Logiciel malveillant se transmettant habituellement par les r\u00e9seaux qui produit des effets dommageables sur un ou des ordinateurs.<\/td>\n<\/tr>\n<tr>\n<td>\n<p style=\"text-align: center\"><strong>Visioconf\u00e9rence<\/strong><\/p>\n<\/td>\n<td>Plateforme de conf\u00e9rence visuelle et auditive dans laquelle les personnes participantes utilisent le r\u00e9seau Internet pour communiquer entre elles par le biais d\u2019un ordinateur, d\u2019un microphone et d\u2019une cam\u00e9ra.<\/td>\n<\/tr>\n<tr>\n<td>\n<p style=\"text-align: center\"><strong>Web<\/strong><\/p>\n<\/td>\n<td>Le Word Wide Web est un syst\u00e8me qui connecte des pages internet entre elles gr\u00e2ce au principe de l\u2019hypertexte (hyperlien).<\/td>\n<\/tr>\n<\/tbody>\n<\/table>\n","protected":false},"excerpt":{"rendered":"<p>Lexique TIC T\u00e9l\u00e9chargez la version PDF du lexique Aligner Action de placer du texte \u00e0 droite ou \u00e0 gauche de la page ou de disposer des objets sur une m\u00eame ligne. Annuler Commande ou touche du menu qui permet de supprimer la derni\u00e8re modification apport\u00e9e \u00e0 un document Appareil photo num\u00e9rique Appareil photo qui enregistre&hellip;<\/p>\n","protected":false},"author":3,"featured_media":0,"parent":0,"menu_order":0,"comment_status":"closed","ping_status":"closed","template":"","meta":{"footnotes":""},"class_list":["post-240","page","type-page","status-publish","hentry"],"_links":{"self":[{"href":"https:\/\/site.csdessommets.qc.ca\/comp_tic_primaire\/wp-json\/wp\/v2\/pages\/240","targetHints":{"allow":["GET"]}}],"collection":[{"href":"https:\/\/site.csdessommets.qc.ca\/comp_tic_primaire\/wp-json\/wp\/v2\/pages"}],"about":[{"href":"https:\/\/site.csdessommets.qc.ca\/comp_tic_primaire\/wp-json\/wp\/v2\/types\/page"}],"author":[{"embeddable":true,"href":"https:\/\/site.csdessommets.qc.ca\/comp_tic_primaire\/wp-json\/wp\/v2\/users\/3"}],"replies":[{"embeddable":true,"href":"https:\/\/site.csdessommets.qc.ca\/comp_tic_primaire\/wp-json\/wp\/v2\/comments?post=240"}],"version-history":[{"count":11,"href":"https:\/\/site.csdessommets.qc.ca\/comp_tic_primaire\/wp-json\/wp\/v2\/pages\/240\/revisions"}],"predecessor-version":[{"id":407,"href":"https:\/\/site.csdessommets.qc.ca\/comp_tic_primaire\/wp-json\/wp\/v2\/pages\/240\/revisions\/407"}],"wp:attachment":[{"href":"https:\/\/site.csdessommets.qc.ca\/comp_tic_primaire\/wp-json\/wp\/v2\/media?parent=240"}],"curies":[{"name":"wp","href":"https:\/\/api.w.org\/{rel}","templated":true}]}}