{"id":39,"date":"2023-08-18T13:35:42","date_gmt":"2023-08-18T17:35:42","guid":{"rendered":"https:\/\/site.csdessommets.qc.ca\/competencesinformationnelles\/materiel-promotionnel\/"},"modified":"2023-11-28T17:04:13","modified_gmt":"2023-11-28T22:04:13","slug":"materiel-promotionnel","status":"publish","type":"page","link":"https:\/\/site.csdessommets.qc.ca\/competencesinformationnelles\/materiel-promotionnel\/","title":{"rendered":"Mat\u00e9riel promotionnel"},"content":{"rendered":"\n\n\t<h1>Mat\u00e9riel promotionnel<\/h1>\n\t<h3>Affiches \u00e0 t\u00e9l\u00e9charger:<\/h3>\n<p>&nbsp;<\/p>\n<p><a href=\"https:\/\/site.csdessommets.qc.ca\/competencesinformationnelles\/wp-content\/uploads\/sites\/521\/2023\/08\/Planifier-Comment-Enseigner-les-competences-informationnelles.pdf\" target=\"_blank\" rel=\"noopener\">Planifier &#8211; Comment Enseigner les comp\u00e9tences informationnelles<\/a><\/p>\n<p><a href=\"https:\/\/site.csdessommets.qc.ca\/competencesinformationnelles\/wp-content\/uploads\/sites\/521\/2023\/08\/Chercher-Comment-Enseigner-les-competences-informationnelles.pdf\" target=\"_blank\" rel=\"noopener\">Chercher &#8211; Comment Enseigner les comp\u00e9tences informationnelles<\/a><\/p>\n<p><a href=\"https:\/\/site.csdessommets.qc.ca\/competencesinformationnelles\/wp-content\/uploads\/sites\/521\/2023\/08\/Critiquer-Comment-Enseigner-les-competences-informationnelles.pdf\" target=\"_blank\" rel=\"noopener\">Critiquer &#8211; Comment Enseigner les comp\u00e9tences informationnelles<\/a><\/p>\n<p><a href=\"https:\/\/site.csdessommets.qc.ca\/competencesinformationnelles\/wp-content\/uploads\/sites\/521\/2023\/08\/Utiliser-Comment-Enseigner-les-competences-informationnelles.pdf\" target=\"_blank\" rel=\"noopener\">Utiliser &#8211; Comment Enseigner les comp\u00e9tences informationnelles<\/a><\/p>\n\t<div style=\"width: 640px;\" class=\"wp-video\"><video class=\"wp-video-shortcode\" id=\"video-39-1\" width=\"640\" height=\"360\" preload=\"metadata\" controls=\"controls\"><source type=\"video\/mp4\" src=\"https:\/\/site.csdessommets.qc.ca\/competencesinformationnelles\/wp-content\/uploads\/sites\/521\/2023\/08\/Planifier-Comment-enseigner-les-CI.mp4?_=1\" \/><a href=\"https:\/\/site.csdessommets.qc.ca\/competencesinformationnelles\/wp-content\/uploads\/sites\/521\/2023\/08\/Planifier-Comment-enseigner-les-CI.mp4\">https:\/\/site.csdessommets.qc.ca\/competencesinformationnelles\/wp-content\/uploads\/sites\/521\/2023\/08\/Planifier-Comment-enseigner-les-CI.mp4<\/a><\/video><\/div>\n\n","protected":false},"excerpt":{"rendered":"<p>Mat\u00e9riel promotionnel Affiches \u00e0 t\u00e9l\u00e9charger: &nbsp; Planifier &#8211; Comment Enseigner les comp\u00e9tences informationnelles Chercher &#8211; Comment Enseigner les comp\u00e9tences informationnelles Critiquer &#8211; Comment Enseigner les comp\u00e9tences informationnelles Utiliser &#8211; Comment Enseigner les comp\u00e9tences informationnelles<\/p>\n","protected":false},"author":6362,"featured_media":0,"parent":0,"menu_order":0,"comment_status":"closed","ping_status":"closed","template":"","meta":{"footnotes":""},"class_list":["post-39","page","type-page","status-publish","hentry"],"_links":{"self":[{"href":"https:\/\/site.csdessommets.qc.ca\/competencesinformationnelles\/wp-json\/wp\/v2\/pages\/39","targetHints":{"allow":["GET"]}}],"collection":[{"href":"https:\/\/site.csdessommets.qc.ca\/competencesinformationnelles\/wp-json\/wp\/v2\/pages"}],"about":[{"href":"https:\/\/site.csdessommets.qc.ca\/competencesinformationnelles\/wp-json\/wp\/v2\/types\/page"}],"author":[{"embeddable":true,"href":"https:\/\/site.csdessommets.qc.ca\/competencesinformationnelles\/wp-json\/wp\/v2\/users\/6362"}],"replies":[{"embeddable":true,"href":"https:\/\/site.csdessommets.qc.ca\/competencesinformationnelles\/wp-json\/wp\/v2\/comments?post=39"}],"version-history":[{"count":3,"href":"https:\/\/site.csdessommets.qc.ca\/competencesinformationnelles\/wp-json\/wp\/v2\/pages\/39\/revisions"}],"predecessor-version":[{"id":140,"href":"https:\/\/site.csdessommets.qc.ca\/competencesinformationnelles\/wp-json\/wp\/v2\/pages\/39\/revisions\/140"}],"wp:attachment":[{"href":"https:\/\/site.csdessommets.qc.ca\/competencesinformationnelles\/wp-json\/wp\/v2\/media?parent=39"}],"curies":[{"name":"wp","href":"https:\/\/api.w.org\/{rel}","templated":true}]}}