{"id":58,"date":"2020-08-24T17:30:53","date_gmt":"2020-08-24T21:30:53","guid":{"rendered":"https:\/\/site.csdessommets.qc.ca\/eadistance\/ressources\/"},"modified":"2021-04-19T14:59:41","modified_gmt":"2021-04-19T18:59:41","slug":"ressources","status":"publish","type":"page","link":"https:\/\/site.csdessommets.qc.ca\/eadistance\/ressources\/","title":{"rendered":"Ressources"},"content":{"rendered":"\n\n\t<p><strong><a href=\"https:\/\/recitas.ca\/creation-de-documents-numeriques-accessibles\/\" target=\"_blank\" rel=\"noopener\">Infographies<\/a><\/strong> sur la cr\u00e9ation de documents num\u00e9riques accessibles \u00e0 tous. <strong><a href=\"https:\/\/sites.google.com\/view\/enseigner-a-distance-as\/accueil\" target=\"_blank\" rel=\"noopener\">Site du R\u00e9cit de l&rsquo;adaptation scolaire<\/a><\/strong> pour enseigner en ligne aux \u00e9l\u00e8ves HDAA.\u00a0<\/p>\n<p>Voici un lien expliquant <strong><a href=\"https:\/\/periscope-r.quebec\/sites\/default\/files\/sept_comportements_a_developper_pour_apprendre_a_distance.pdf?fbclid=IwAR13mpLw-xE_WiDBZuyjXwEIeO57R92TpK0Ij9ttQu4nH_5ErrwwLBZhlJ8\" target=\"_blank\" rel=\"noopener\">7 comportements \u00e0 avoir<\/a> <\/strong>lorsqu&rsquo;on apprend \u00e0 distance ainsi que des trucs pour les enseignants et les parents.<\/p>\n<p>On vous propose aussi un <strong><a href=\"https:\/\/view.genial.ly\/5fbb20d6bf7aa174f389ccd3\">beau diaporama anim\u00e9<\/a> <\/strong>(Genially) pour enseigner la <strong>Netiquette<\/strong>.\u00a0<\/p>\n<p>De plus, en guise de recueil de ressources, nous vous proposons cet excellent document r\u00e9alis\u00e9 par les conseillers p\u00e9dagogiques du Centre de service scolaire de la Baie-James.<\/p>\n\n\t\t<div class=\"wppdfemb-frame-container-1\" style=\"-webkit-overflow-scrolling:auto;\">\n\t\t\t<iframe class=\"pdfembed-iframe nonfullscreen wppdf-emb-iframe-1\"\n\t\t\t\tsrc=\"https:\/\/site.csdessommets.qc.ca\/eadistance\/?pdfemb-data=eyJ1cmwiOiJodHRwczpcL1wvc2l0ZS5jc2Rlc3NvbW1ldHMucWMuY2FcL2VhZGlzdGFuY2VcL3dwLWNvbnRlbnRcL3VwbG9hZHNcL3NpdGVzXC80ODZcLzIwMjBcLzA5XC9CYXNjdWxlcl9lbl9lbnNlaWduZW1lbnRfYV9kaXN0YW5jZS5wZGYiLCJ0b29sYmFyIjoidG9wIiwidG9vbGJhcmZpeGVkIjoib24iLCJpbmRleCI6MSwicGRmSUQiOjUzMH0\"\n\t\t\t\t\t\t\t\tdata-pdf-id=\"530\"\n\t\t\t\tdata-pdf-index=\"1\"\n\t\t\t\tstyle=\"border:none;width:100%;max-width:100%;height:100vh;\"\n\t\t\t\tscrolling=\"yes\">\n\t\t\t<\/iframe>\n\t\t<\/div>\n\n\t\t\n","protected":false},"excerpt":{"rendered":"<p>Infographies sur la cr\u00e9ation de documents num\u00e9riques accessibles \u00e0 tous. Site du R\u00e9cit de l&rsquo;adaptation scolaire pour enseigner en ligne aux \u00e9l\u00e8ves HDAA.\u00a0 Voici un lien expliquant 7 comportements \u00e0 avoir lorsqu&rsquo;on apprend \u00e0 distance ainsi que des trucs pour les enseignants et les parents. On vous propose aussi un beau diaporama anim\u00e9 (Genially) pour&hellip;<\/p>\n","protected":false},"author":3,"featured_media":0,"parent":0,"menu_order":0,"comment_status":"closed","ping_status":"closed","template":"","meta":{"footnotes":""},"class_list":["post-58","page","type-page","status-publish","hentry"],"_links":{"self":[{"href":"https:\/\/site.csdessommets.qc.ca\/eadistance\/wp-json\/wp\/v2\/pages\/58","targetHints":{"allow":["GET"]}}],"collection":[{"href":"https:\/\/site.csdessommets.qc.ca\/eadistance\/wp-json\/wp\/v2\/pages"}],"about":[{"href":"https:\/\/site.csdessommets.qc.ca\/eadistance\/wp-json\/wp\/v2\/types\/page"}],"author":[{"embeddable":true,"href":"https:\/\/site.csdessommets.qc.ca\/eadistance\/wp-json\/wp\/v2\/users\/3"}],"replies":[{"embeddable":true,"href":"https:\/\/site.csdessommets.qc.ca\/eadistance\/wp-json\/wp\/v2\/comments?post=58"}],"version-history":[{"count":14,"href":"https:\/\/site.csdessommets.qc.ca\/eadistance\/wp-json\/wp\/v2\/pages\/58\/revisions"}],"predecessor-version":[{"id":735,"href":"https:\/\/site.csdessommets.qc.ca\/eadistance\/wp-json\/wp\/v2\/pages\/58\/revisions\/735"}],"wp:attachment":[{"href":"https:\/\/site.csdessommets.qc.ca\/eadistance\/wp-json\/wp\/v2\/media?parent=58"}],"curies":[{"name":"wp","href":"https:\/\/api.w.org\/{rel}","templated":true}]}}