{"id":25,"date":"2020-06-10T10:15:52","date_gmt":"2020-06-10T14:15:52","guid":{"rendered":"https:\/\/site.csdessommets.qc.ca\/railecture\/documents-pertinents\/"},"modified":"2020-12-03T15:52:35","modified_gmt":"2020-12-03T20:52:35","slug":"documents-pertinents","status":"publish","type":"page","link":"https:\/\/site.csdessommets.qc.ca\/railecture\/documents-pertinents\/","title":{"rendered":"Documents pertinents"},"content":{"rendered":"<h2>\n\t\tVid\u00e9os explicatives\n\t<\/h2>\n\t\n\t\n\t\n\t\n<h2>\n\t\tDocuments th\u00e9oriques\n\t<\/h2>\n\t\t\t<a href=\"https:\/\/site.csdessommets.qc.ca\/railecture\/wp-content\/uploads\/sites\/482\/2020\/06\/sch\u00e9ma-R\u00e0i-1.pdf\" target=\"_blank\" role=\"button\" rel=\"noopener noreferrer\">\n\t\t\t\t\t\t\tSch\u00e9ma processus R\u00e0i\n\t\t\t\t\t<\/a>\n\t\t\t<a href=\"https:\/\/drive.google.com\/file\/d\/1Rf6din_f6Pt742eA6Qo5xRFGnGN-Uar4\/view\" target=\"_blank\" role=\"button\" rel=\"noopener noreferrer\">\n\t\t\t\t\t\t\tConf\u00e9rence de consensus R\u00e0I\n\t\t\t\t\t<\/a>\n<h2>\n\t\tDates importantes\n\t<\/h2>\n\t\t\t<a href=\"https:\/\/csdessommets.sharepoint.com\/:b:\/s\/rics\/EfM0hgnop1ROuOI9Nuw1wJMBuhUhBtnREmHmQfBP-HTDvw?e=eQXAt4\" target=\"_blank\" role=\"button\" rel=\"noopener noreferrer\">\n\t\t\t\t\t\t\tDates importantes\n\t\t\t\t\t<\/a>\n\t\t\t<a href=\"https:\/\/csdessommets.sharepoint.com\/:b:\/s\/rics\/ET5z0L6NwCBEpbNtxHM-fiwBjrZbbQu5E5WbSLHiUu-_XA?e=ZvWqq4\" target=\"_blank\" role=\"button\" rel=\"noopener noreferrer\">\n\t\t\t\t\t\t\tCalendrier des op\u00e9rations annuelles\n\t\t\t\t\t<\/a>\n<h2>\n\t\tNormes et analyse des donn\u00e9es\n\t<\/h2>\n\t\t\t<a href=\"https:\/\/csdessommets.sharepoint.com\/:b:\/s\/rics\/EYjj5IqnzQFHssDB0kyu5zUBks3udryt6Nbi8_WBxwZ52Q?e=2QHETH\" target=\"_blank\" role=\"button\" rel=\"noopener noreferrer\">\n\t\t\t\t\t\t\tNormes CS\n\t\t\t\t\t<\/a>\n","protected":false},"excerpt":{"rendered":"<p>Vid\u00e9os explicatives Documents th\u00e9oriques Sch\u00e9ma processus R\u00e0i Conf\u00e9rence de consensus R\u00e0I Dates importantes Dates importantes Calendrier des op\u00e9rations annuelles Normes et analyse des donn\u00e9es Normes CS<\/p>\n","protected":false},"author":3548,"featured_media":0,"parent":0,"menu_order":0,"comment_status":"closed","ping_status":"closed","template":"","meta":{"footnotes":""},"class_list":["post-25","page","type-page","status-publish","hentry"],"_links":{"self":[{"href":"https:\/\/site.csdessommets.qc.ca\/railecture\/wp-json\/wp\/v2\/pages\/25","targetHints":{"allow":["GET"]}}],"collection":[{"href":"https:\/\/site.csdessommets.qc.ca\/railecture\/wp-json\/wp\/v2\/pages"}],"about":[{"href":"https:\/\/site.csdessommets.qc.ca\/railecture\/wp-json\/wp\/v2\/types\/page"}],"author":[{"embeddable":true,"href":"https:\/\/site.csdessommets.qc.ca\/railecture\/wp-json\/wp\/v2\/users\/3548"}],"replies":[{"embeddable":true,"href":"https:\/\/site.csdessommets.qc.ca\/railecture\/wp-json\/wp\/v2\/comments?post=25"}],"version-history":[{"count":11,"href":"https:\/\/site.csdessommets.qc.ca\/railecture\/wp-json\/wp\/v2\/pages\/25\/revisions"}],"predecessor-version":[{"id":79,"href":"https:\/\/site.csdessommets.qc.ca\/railecture\/wp-json\/wp\/v2\/pages\/25\/revisions\/79"}],"wp:attachment":[{"href":"https:\/\/site.csdessommets.qc.ca\/railecture\/wp-json\/wp\/v2\/media?parent=25"}],"curies":[{"name":"wp","href":"https:\/\/api.w.org\/{rel}","templated":true}]}}