{"id":12682,"date":"2025-10-09T09:52:28","date_gmt":"2025-10-09T13:52:28","guid":{"rendered":"https:\/\/site.csdessommets.qc.ca\/sae\/?post_type=product&#038;p=12682"},"modified":"2025-11-25T10:38:38","modified_gmt":"2025-11-25T15:38:38","slug":"1436sae25-heros-en-trente-5-decembre-2025-granby-9-h-a-9-h-45-180-1-14816-945","status":"publish","type":"product","link":"https:\/\/site.csdessommets.qc.ca\/sae\/produit\/1436sae25-heros-en-trente-5-decembre-2025-granby-9-h-a-9-h-45-180-1-14816-945\/","title":{"rendered":"1436SAE25 &#8211; H\u00c9ROS EN TRENTE &#8211; 5 d\u00e9cembre 2025 Granby &#8211; 9 h \u00e0 9 h 45  (180-1-14816-945)"},"content":{"rendered":"<p>Vendredi, 5 d\u00e9cembre 2025<\/p>\n","protected":false},"excerpt":{"rendered":"<p>17$ taxable<\/p>\n","protected":false},"featured_media":12691,"template":"","meta":[],"product_brand":[],"product_cat":[17],"product_tag":[],"class_list":{"0":"post-12682","1":"product","2":"type-product","3":"status-publish","4":"has-post-thumbnail","6":"product_cat-formations","8":"first","9":"instock","10":"taxable","11":"shipping-taxable","12":"purchasable","13":"product-type-simple"},"_links":{"self":[{"href":"https:\/\/site.csdessommets.qc.ca\/sae\/wp-json\/wp\/v2\/product\/12682","targetHints":{"allow":["GET"]}}],"collection":[{"href":"https:\/\/site.csdessommets.qc.ca\/sae\/wp-json\/wp\/v2\/product"}],"about":[{"href":"https:\/\/site.csdessommets.qc.ca\/sae\/wp-json\/wp\/v2\/types\/product"}],"wp:featuredmedia":[{"embeddable":true,"href":"https:\/\/site.csdessommets.qc.ca\/sae\/wp-json\/wp\/v2\/media\/12691"}],"wp:attachment":[{"href":"https:\/\/site.csdessommets.qc.ca\/sae\/wp-json\/wp\/v2\/media?parent=12682"}],"wp:term":[{"taxonomy":"product_brand","embeddable":true,"href":"https:\/\/site.csdessommets.qc.ca\/sae\/wp-json\/wp\/v2\/product_brand?post=12682"},{"taxonomy":"product_cat","embeddable":true,"href":"https:\/\/site.csdessommets.qc.ca\/sae\/wp-json\/wp\/v2\/product_cat?post=12682"},{"taxonomy":"product_tag","embeddable":true,"href":"https:\/\/site.csdessommets.qc.ca\/sae\/wp-json\/wp\/v2\/product_tag?post=12682"}],"curies":[{"name":"wp","href":"https:\/\/api.w.org\/{rel}","templated":true}]}}