{"id":12684,"date":"2025-10-09T09:55:54","date_gmt":"2025-10-09T13:55:54","guid":{"rendered":"https:\/\/site.csdessommets.qc.ca\/sae\/?post_type=product&#038;p=12684"},"modified":"2025-12-03T10:28:07","modified_gmt":"2025-12-03T15:28:07","slug":"1436sae25-heros-en-trente-5-decembre-2025-granby-11-h-a-11-h-45-180-1-14816-945","status":"publish","type":"product","link":"https:\/\/site.csdessommets.qc.ca\/sae\/produit\/1436sae25-heros-en-trente-5-decembre-2025-granby-11-h-a-11-h-45-180-1-14816-945\/","title":{"rendered":"1436SAE25 &#8211; H\u00c9ROS EN TRENTE &#8211; 5 d\u00e9cembre 2025 Granby &#8211; 11 h \u00e0 11 h 45  (180-1-14816-945)"},"content":{"rendered":"<p>Vendredi, 5 d\u00e9cembre 2025<\/p>\n","protected":false},"excerpt":{"rendered":"<p>17$ taxable<\/p>\n","protected":false},"featured_media":12691,"template":"","meta":[],"product_brand":[],"product_cat":[17],"product_tag":[],"class_list":{"0":"post-12684","1":"product","2":"type-product","3":"status-publish","4":"has-post-thumbnail","6":"product_cat-formations","8":"first","9":"instock","10":"taxable","11":"shipping-taxable","12":"purchasable","13":"product-type-simple"},"_links":{"self":[{"href":"https:\/\/site.csdessommets.qc.ca\/sae\/wp-json\/wp\/v2\/product\/12684","targetHints":{"allow":["GET"]}}],"collection":[{"href":"https:\/\/site.csdessommets.qc.ca\/sae\/wp-json\/wp\/v2\/product"}],"about":[{"href":"https:\/\/site.csdessommets.qc.ca\/sae\/wp-json\/wp\/v2\/types\/product"}],"wp:featuredmedia":[{"embeddable":true,"href":"https:\/\/site.csdessommets.qc.ca\/sae\/wp-json\/wp\/v2\/media\/12691"}],"wp:attachment":[{"href":"https:\/\/site.csdessommets.qc.ca\/sae\/wp-json\/wp\/v2\/media?parent=12684"}],"wp:term":[{"taxonomy":"product_brand","embeddable":true,"href":"https:\/\/site.csdessommets.qc.ca\/sae\/wp-json\/wp\/v2\/product_brand?post=12684"},{"taxonomy":"product_cat","embeddable":true,"href":"https:\/\/site.csdessommets.qc.ca\/sae\/wp-json\/wp\/v2\/product_cat?post=12684"},{"taxonomy":"product_tag","embeddable":true,"href":"https:\/\/site.csdessommets.qc.ca\/sae\/wp-json\/wp\/v2\/product_tag?post=12684"}],"curies":[{"name":"wp","href":"https:\/\/api.w.org\/{rel}","templated":true}]}}