{"id":3,"date":"2018-12-20T20:04:35","date_gmt":"2018-12-20T19:04:35","guid":{"rendered":"https:\/\/site.csdessommets.qc.ca\/tevaestrie\/accueil\/"},"modified":"2021-05-20T15:58:59","modified_gmt":"2021-05-20T19:58:59","slug":"accueil","status":"publish","type":"page","link":"https:\/\/site.csdessommets.qc.ca\/tevaestrie\/","title":{"rendered":"Accueil"},"content":{"rendered":"\n<h3>\n\t\tTransition de l&rsquo;\u00e9cole \u00e0 la vie active\n\t<\/h3>\n\t<p>La transition de l&rsquo;\u00e9cole \u00e0 la vie active est un ensemble coordonn\u00e9 et planifi\u00e9 d&rsquo;activit\u00e9s ax\u00e9es sur l&rsquo;<strong>accompagnement de l&rsquo;\u00e9l\u00e8ve dans la r\u00e9alisation de ses projets postscolaires<\/strong>, incluant son int\u00e9gration socioprofessionnelle, la transformation de son r\u00e9seau social, de ses loisirs, de sa participation \u00e0 la communaut\u00e9 et, dans certains cas, la poursuite de ses activit\u00e9s \u00e9ducative.<\/p>\n<p>Office des personnes handicap\u00e9es du Qu\u00e9bec, 2003<\/p>\n\t<p>[&#8230;] la r\u00e9ussite de la transition se concr\u00e9tise par une vie active apr\u00e8s la scolarisation, c&rsquo;est-\u00e0-dire une participation sociale optimale selon le point de vue de l&rsquo;\u00e9l\u00e8ve, qui contribue \u00e0 son bien-\u00eatre et \u00e0 l&rsquo;exercice de r\u00f4les sociaux valoris\u00e9s dans sa famille et dans sa communaut\u00e9.<\/p>\n<p>Julien-Gauthier, Jourdan-Ionescu, Martin-Roy et Ruel, 2018<\/p>\n\t\t\t\t<img loading=\"lazy\" decoding=\"async\" src=\"https:\/\/site.csdessommets.qc.ca\/tevaestrie\/wp-content\/uploads\/sites\/417\/2020\/09\/4CSS.png\" alt=\"4CSS\" height=\"127\" width=\"1010\" title=\"4CSS\" \/>\n\n","protected":false},"excerpt":{"rendered":"<p>Transition de l&rsquo;\u00e9cole \u00e0 la vie active La transition de l&rsquo;\u00e9cole \u00e0 la vie active est un ensemble coordonn\u00e9 et planifi\u00e9 d&rsquo;activit\u00e9s ax\u00e9es sur l&rsquo;accompagnement de l&rsquo;\u00e9l\u00e8ve dans la r\u00e9alisation de ses projets postscolaires, incluant son int\u00e9gration socioprofessionnelle, la transformation de son r\u00e9seau social, de ses loisirs, de sa participation \u00e0 la communaut\u00e9 et, dans&hellip;<\/p>\n","protected":false},"author":1516,"featured_media":0,"parent":0,"menu_order":1,"comment_status":"closed","ping_status":"closed","template":"","meta":{"footnotes":""},"class_list":["post-3","page","type-page","status-publish","hentry"],"_links":{"self":[{"href":"https:\/\/site.csdessommets.qc.ca\/tevaestrie\/wp-json\/wp\/v2\/pages\/3","targetHints":{"allow":["GET"]}}],"collection":[{"href":"https:\/\/site.csdessommets.qc.ca\/tevaestrie\/wp-json\/wp\/v2\/pages"}],"about":[{"href":"https:\/\/site.csdessommets.qc.ca\/tevaestrie\/wp-json\/wp\/v2\/types\/page"}],"author":[{"embeddable":true,"href":"https:\/\/site.csdessommets.qc.ca\/tevaestrie\/wp-json\/wp\/v2\/users\/1516"}],"replies":[{"embeddable":true,"href":"https:\/\/site.csdessommets.qc.ca\/tevaestrie\/wp-json\/wp\/v2\/comments?post=3"}],"version-history":[{"count":46,"href":"https:\/\/site.csdessommets.qc.ca\/tevaestrie\/wp-json\/wp\/v2\/pages\/3\/revisions"}],"predecessor-version":[{"id":509,"href":"https:\/\/site.csdessommets.qc.ca\/tevaestrie\/wp-json\/wp\/v2\/pages\/3\/revisions\/509"}],"wp:attachment":[{"href":"https:\/\/site.csdessommets.qc.ca\/tevaestrie\/wp-json\/wp\/v2\/media?parent=3"}],"curies":[{"name":"wp","href":"https:\/\/api.w.org\/{rel}","templated":true}]}}